{"id":61151,"date":"2026-01-29T14:21:32","date_gmt":"2026-01-29T17:21:32","guid":{"rendered":"https:\/\/www.mendoza.gov.ar\/catalogoeconomiasocial\/?post_type=product&#038;p=61151"},"modified":"2026-01-29T14:21:32","modified_gmt":"2026-01-29T17:21:32","slug":"campera-69","status":"publish","type":"product","link":"https:\/\/www.mendoza.gov.ar\/catalogoeconomiasocial\/producto\/campera-69\/","title":{"rendered":"Campera 69"},"content":{"rendered":"<!DOCTYPE html PUBLIC \"-\/\/W3C\/\/DTD HTML 4.0 Transitional\/\/EN\" \"http:\/\/www.w3.org\/TR\/REC-html40\/loose.dtd\">\n\n","protected":false},"excerpt":{"rendered":"Esta es una campera con 6 usos y 3 piezas. Esta hecha a partir de una campera de ni\u00f1o talle 14, se transform\u00f3 para que tenga un corte bomber y se le agreg\u00f3 denim. Las mangas son desmontables siendo asi, se transforma en chaleco, y en la mitad tambien se desmonta haci\u00e9ndose chaleco crop o campera crop. A su misma vez, la parte de abajo se hace falda, por lo cual tendr\u00edamos un set de tres piezas, chaleco crop, falda, y las mangas se hacen polainas.","protected":false},"featured_media":61154,"comment_status":"open","ping_status":"closed","template":"","meta":[],"product_cat":[5923],"product_tag":[8231,8230,7590,5612],"_links":{"self":[{"href":"https:\/\/www.mendoza.gov.ar\/catalogoeconomiasocial\/wp-json\/wp\/v2\/product\/61151"}],"collection":[{"href":"https:\/\/www.mendoza.gov.ar\/catalogoeconomiasocial\/wp-json\/wp\/v2\/product"}],"about":[{"href":"https:\/\/www.mendoza.gov.ar\/catalogoeconomiasocial\/wp-json\/wp\/v2\/types\/product"}],"replies":[{"embeddable":true,"href":"https:\/\/www.mendoza.gov.ar\/catalogoeconomiasocial\/wp-json\/wp\/v2\/comments?post=61151"}],"wp:featuredmedia":[{"embeddable":true,"href":"https:\/\/www.mendoza.gov.ar\/catalogoeconomiasocial\/wp-json\/wp\/v2\/media\/61154"}],"wp:attachment":[{"href":"https:\/\/www.mendoza.gov.ar\/catalogoeconomiasocial\/wp-json\/wp\/v2\/media?parent=61151"}],"wp:term":[{"taxonomy":"product_cat","embeddable":true,"href":"https:\/\/www.mendoza.gov.ar\/catalogoeconomiasocial\/wp-json\/wp\/v2\/product_cat?post=61151"},{"taxonomy":"product_tag","embeddable":true,"href":"https:\/\/www.mendoza.gov.ar\/catalogoeconomiasocial\/wp-json\/wp\/v2\/product_tag?post=61151"}],"curies":[{"name":"wp","href":"https:\/\/api.w.org\/{rel}","templated":true}]}}