{"id":61168,"date":"2026-01-29T14:47:23","date_gmt":"2026-01-29T17:47:23","guid":{"rendered":"https:\/\/www.mendoza.gov.ar\/catalogoeconomiasocial\/?post_type=product&#038;p=61168"},"modified":"2026-01-29T14:47:24","modified_gmt":"2026-01-29T17:47:24","slug":"alfajores-de-maicena-5","status":"publish","type":"product","link":"https:\/\/www.mendoza.gov.ar\/catalogoeconomiasocial\/producto\/alfajores-de-maicena-5\/","title":{"rendered":"Alfajores de Maicena"},"content":{"rendered":"<!DOCTYPE html PUBLIC \"-\/\/W3C\/\/DTD HTML 4.0 Transitional\/\/EN\" \"http:\/\/www.w3.org\/TR\/REC-html40\/loose.dtd\">\n\n","protected":false},"excerpt":{"rendered":"Nuestros alfajores de maicena se elaboran de manera artesanal, cuidando cada detalle del proceso. Est\u00e1n hechos con una selecci\u00f3n de ingredientes simples y de calidad: harina, f\u00e9cula de ma\u00edz, az\u00facar, margarina y huevo, combinados con bicarbonato de sodio y polvo de hornear para lograr una textura suave y delicada. La ralladura de lim\u00f3n, la esencia de vainilla y un sutil toque de cognac aportan ese aroma especial que recuerda a las recetas caseras de anta\u00f1o. Se rellenan con abundante dulce de leche y se terminan con coco rallado, logrando un alfajor tierno, equilibrado y lleno de sabor, que se deshace en la boca.","protected":false},"featured_media":61169,"comment_status":"open","ping_status":"closed","template":"","meta":[],"product_cat":[5946,6016,6023,6026],"product_tag":[6300,8234],"_links":{"self":[{"href":"https:\/\/www.mendoza.gov.ar\/catalogoeconomiasocial\/wp-json\/wp\/v2\/product\/61168"}],"collection":[{"href":"https:\/\/www.mendoza.gov.ar\/catalogoeconomiasocial\/wp-json\/wp\/v2\/product"}],"about":[{"href":"https:\/\/www.mendoza.gov.ar\/catalogoeconomiasocial\/wp-json\/wp\/v2\/types\/product"}],"replies":[{"embeddable":true,"href":"https:\/\/www.mendoza.gov.ar\/catalogoeconomiasocial\/wp-json\/wp\/v2\/comments?post=61168"}],"wp:featuredmedia":[{"embeddable":true,"href":"https:\/\/www.mendoza.gov.ar\/catalogoeconomiasocial\/wp-json\/wp\/v2\/media\/61169"}],"wp:attachment":[{"href":"https:\/\/www.mendoza.gov.ar\/catalogoeconomiasocial\/wp-json\/wp\/v2\/media?parent=61168"}],"wp:term":[{"taxonomy":"product_cat","embeddable":true,"href":"https:\/\/www.mendoza.gov.ar\/catalogoeconomiasocial\/wp-json\/wp\/v2\/product_cat?post=61168"},{"taxonomy":"product_tag","embeddable":true,"href":"https:\/\/www.mendoza.gov.ar\/catalogoeconomiasocial\/wp-json\/wp\/v2\/product_tag?post=61168"}],"curies":[{"name":"wp","href":"https:\/\/api.w.org\/{rel}","templated":true}]}}