{"id":61350,"date":"2026-02-04T13:02:51","date_gmt":"2026-02-04T16:02:51","guid":{"rendered":"https:\/\/www.mendoza.gov.ar\/catalogoeconomiasocial\/?post_type=product&#038;p=61350"},"modified":"2026-02-04T13:02:51","modified_gmt":"2026-02-04T16:02:51","slug":"colgantes-3","status":"publish","type":"product","link":"https:\/\/www.mendoza.gov.ar\/catalogoeconomiasocial\/producto\/colgantes-3\/","title":{"rendered":"Colgantes"},"content":{"rendered":"<!DOCTYPE html PUBLIC \"-\/\/W3C\/\/DTD HTML 4.0 Transitional\/\/EN\" \"http:\/\/www.w3.org\/TR\/REC-html40\/loose.dtd\">\n\n","protected":false},"excerpt":{"rendered":"Se hacen con c\u00edrculos de madera de distintas medidas.Primero se pintan los c\u00edrculos en blanco y luego se aplica la t\u00e9cnica de decoupage se hacen terminaciones con borlas y c\u00edrculos forrado en lanas para colgar. Tambi\u00e9n hacemos colgantes con 2 o 3 c\u00edrculos de distintos tama\u00f1os, se pintan en blanco y los unimos con lana terminaciones con borlas y para colgar c\u00edrculos de madera forrados en lana.Tambien se hacen con motivos infantiles. Tambi\u00e9n pintamos bandejas materas , para desayuno de ni\u00f1os ,paneras, con distintas t\u00e9cnicas. Decoupage. Con degrade de colores y apliques con cintas.","protected":false},"featured_media":61354,"comment_status":"open","ping_status":"closed","template":"","meta":[],"product_cat":[7242],"product_tag":[],"_links":{"self":[{"href":"https:\/\/www.mendoza.gov.ar\/catalogoeconomiasocial\/wp-json\/wp\/v2\/product\/61350"}],"collection":[{"href":"https:\/\/www.mendoza.gov.ar\/catalogoeconomiasocial\/wp-json\/wp\/v2\/product"}],"about":[{"href":"https:\/\/www.mendoza.gov.ar\/catalogoeconomiasocial\/wp-json\/wp\/v2\/types\/product"}],"replies":[{"embeddable":true,"href":"https:\/\/www.mendoza.gov.ar\/catalogoeconomiasocial\/wp-json\/wp\/v2\/comments?post=61350"}],"wp:featuredmedia":[{"embeddable":true,"href":"https:\/\/www.mendoza.gov.ar\/catalogoeconomiasocial\/wp-json\/wp\/v2\/media\/61354"}],"wp:attachment":[{"href":"https:\/\/www.mendoza.gov.ar\/catalogoeconomiasocial\/wp-json\/wp\/v2\/media?parent=61350"}],"wp:term":[{"taxonomy":"product_cat","embeddable":true,"href":"https:\/\/www.mendoza.gov.ar\/catalogoeconomiasocial\/wp-json\/wp\/v2\/product_cat?post=61350"},{"taxonomy":"product_tag","embeddable":true,"href":"https:\/\/www.mendoza.gov.ar\/catalogoeconomiasocial\/wp-json\/wp\/v2\/product_tag?post=61350"}],"curies":[{"name":"wp","href":"https:\/\/api.w.org\/{rel}","templated":true}]}}