{"id":61372,"date":"2026-02-05T10:51:09","date_gmt":"2026-02-05T13:51:09","guid":{"rendered":"https:\/\/www.mendoza.gov.ar\/catalogoeconomiasocial\/?post_type=product&#038;p=61372"},"modified":"2026-02-05T10:51:09","modified_gmt":"2026-02-05T13:51:09","slug":"anillo-de-plata-y-alpaca","status":"publish","type":"product","link":"https:\/\/www.mendoza.gov.ar\/catalogoeconomiasocial\/producto\/anillo-de-plata-y-alpaca\/","title":{"rendered":"Anillo de Plata y Alpaca"},"content":{"rendered":"<!DOCTYPE html PUBLIC \"-\/\/W3C\/\/DTD HTML 4.0 Transitional\/\/EN\" \"http:\/\/www.w3.org\/TR\/REC-html40\/loose.dtd\">\n\n","protected":false},"excerpt":{"rendered":"Primero se hace per\u00edmetro a la piedra, luego se pone fundente a la pieza de alpaca que ser\u00eda el per\u00edmetro se suelda, una ves terminada la cajita de la piedra se le suelda el flege en la parte de bajo de la cajita y se mete en \u00e1cido se deja 5 minutos se lava se pone la piedra en la cajita se sierra los bordes asiendo precion con la pinza y finalmente se pule.","protected":false},"featured_media":61374,"comment_status":"open","ping_status":"closed","template":"","meta":[],"product_cat":[5923,6098,6114,6116],"product_tag":[1374],"_links":{"self":[{"href":"https:\/\/www.mendoza.gov.ar\/catalogoeconomiasocial\/wp-json\/wp\/v2\/product\/61372"}],"collection":[{"href":"https:\/\/www.mendoza.gov.ar\/catalogoeconomiasocial\/wp-json\/wp\/v2\/product"}],"about":[{"href":"https:\/\/www.mendoza.gov.ar\/catalogoeconomiasocial\/wp-json\/wp\/v2\/types\/product"}],"replies":[{"embeddable":true,"href":"https:\/\/www.mendoza.gov.ar\/catalogoeconomiasocial\/wp-json\/wp\/v2\/comments?post=61372"}],"wp:featuredmedia":[{"embeddable":true,"href":"https:\/\/www.mendoza.gov.ar\/catalogoeconomiasocial\/wp-json\/wp\/v2\/media\/61374"}],"wp:attachment":[{"href":"https:\/\/www.mendoza.gov.ar\/catalogoeconomiasocial\/wp-json\/wp\/v2\/media?parent=61372"}],"wp:term":[{"taxonomy":"product_cat","embeddable":true,"href":"https:\/\/www.mendoza.gov.ar\/catalogoeconomiasocial\/wp-json\/wp\/v2\/product_cat?post=61372"},{"taxonomy":"product_tag","embeddable":true,"href":"https:\/\/www.mendoza.gov.ar\/catalogoeconomiasocial\/wp-json\/wp\/v2\/product_tag?post=61372"}],"curies":[{"name":"wp","href":"https:\/\/api.w.org\/{rel}","templated":true}]}}