{"id":61433,"date":"2026-02-12T13:15:28","date_gmt":"2026-02-12T16:15:28","guid":{"rendered":"https:\/\/www.mendoza.gov.ar\/catalogoeconomiasocial\/?post_type=product&#038;p=61433"},"modified":"2026-02-12T13:15:29","modified_gmt":"2026-02-12T16:15:29","slug":"mantequera-y-accesorios-en-ceramica","status":"publish","type":"product","link":"https:\/\/www.mendoza.gov.ar\/catalogoeconomiasocial\/producto\/mantequera-y-accesorios-en-ceramica\/","title":{"rendered":"Mantequera y Accesorios en Cer\u00e1mica"},"content":{"rendered":"<!DOCTYPE html PUBLIC \"-\/\/W3C\/\/DTD HTML 4.0 Transitional\/\/EN\" \"http:\/\/www.w3.org\/TR\/REC-html40\/loose.dtd\">\n\n","protected":false},"excerpt":{"rendered":"En Caritas de Arcilla todas las piezas son realizadas \u00edntegramente a mano, acompa\u00f1ando el proceso completo desde la arcilla en su estado inicial hasta la cer\u00e1mica final. Trabajamos tanto con arcilla s\u00f3lida como con barbotina (arcilla l\u00edquida), lo que nos permite crear formas, texturas y vol\u00famenes con identidad propia. Utilizamos t\u00e9cnicas artesanales como esgrafiado, pintura a mano, modelado manual, trabajo por colada, texturado de superficies y acabados cuidadosos que realzan cada pieza. Cada etapa \u2014modelado, secado, horneado y terminaci\u00f3n\u2014 es realizada por nosotras, respetando los tiempos de la cer\u00e1mica y poniendo especial atenci\u00f3n en los detalles. Este proceso completamente artesanal garantiza piezas \u00fanicas, donde se reflejan el cuidado, la dedicaci\u00f3n y el amor por el oficio.","protected":false},"featured_media":61429,"comment_status":"open","ping_status":"closed","template":"","meta":[],"product_cat":[7242,6046,6053,6056],"product_tag":[985,6640,7097,1583],"_links":{"self":[{"href":"https:\/\/www.mendoza.gov.ar\/catalogoeconomiasocial\/wp-json\/wp\/v2\/product\/61433"}],"collection":[{"href":"https:\/\/www.mendoza.gov.ar\/catalogoeconomiasocial\/wp-json\/wp\/v2\/product"}],"about":[{"href":"https:\/\/www.mendoza.gov.ar\/catalogoeconomiasocial\/wp-json\/wp\/v2\/types\/product"}],"replies":[{"embeddable":true,"href":"https:\/\/www.mendoza.gov.ar\/catalogoeconomiasocial\/wp-json\/wp\/v2\/comments?post=61433"}],"wp:featuredmedia":[{"embeddable":true,"href":"https:\/\/www.mendoza.gov.ar\/catalogoeconomiasocial\/wp-json\/wp\/v2\/media\/61429"}],"wp:attachment":[{"href":"https:\/\/www.mendoza.gov.ar\/catalogoeconomiasocial\/wp-json\/wp\/v2\/media?parent=61433"}],"wp:term":[{"taxonomy":"product_cat","embeddable":true,"href":"https:\/\/www.mendoza.gov.ar\/catalogoeconomiasocial\/wp-json\/wp\/v2\/product_cat?post=61433"},{"taxonomy":"product_tag","embeddable":true,"href":"https:\/\/www.mendoza.gov.ar\/catalogoeconomiasocial\/wp-json\/wp\/v2\/product_tag?post=61433"}],"curies":[{"name":"wp","href":"https:\/\/api.w.org\/{rel}","templated":true}]}}