{"id":61463,"date":"2026-02-20T12:37:29","date_gmt":"2026-02-20T15:37:29","guid":{"rendered":"https:\/\/www.mendoza.gov.ar\/catalogoeconomiasocial\/?post_type=product&#038;p=61463"},"modified":"2026-02-20T12:37:29","modified_gmt":"2026-02-20T15:37:29","slug":"disfraz-reina-de-corazones","status":"publish","type":"product","link":"https:\/\/www.mendoza.gov.ar\/catalogoeconomiasocial\/producto\/disfraz-reina-de-corazones\/","title":{"rendered":"Disfraz Reina de Corazones"},"content":{"rendered":"<!DOCTYPE html PUBLIC \"-\/\/W3C\/\/DTD HTML 4.0 Transitional\/\/EN\" \"http:\/\/www.w3.org\/TR\/REC-html40\/loose.dtd\">\n\n","protected":false},"excerpt":{"rendered":"Parte superior: remera en tela con frente de lentejuelas negras y aplicaci\u00f3n de coraz\u00f3n en glitter rojo, cosido y reforzado para mayor durabilidad. Cuello: volados en tul blanco semitransparente con detalles decorativos en forma de coraz\u00f3n. Falda: combinada en tul en tonos rojo, negro y blanco, con corazones aplicados en glitter rojo en la parte frontal. Peluca: elaborada en tul fruncido de alto volumen en color fucsia, con corona dorada decorativa con detalles de corazones. Accesorio: cetro con coraz\u00f3n, ideal para complementar el personaje. Medidas: Se confecciona a medida o en talles est\u00e1ndar (consultar disponibilidad). Proceso: Dise\u00f1o y confecci\u00f3n artesanal, con aplicaciones cosidas Ideal para eventos tem\u00e1ticos, fiestas de disfraces, actos escolares y producciones fotogr\u00e1ficas.","protected":false},"featured_media":61464,"comment_status":"open","ping_status":"closed","template":"","meta":[],"product_cat":[1065,6160],"product_tag":[1381],"_links":{"self":[{"href":"https:\/\/www.mendoza.gov.ar\/catalogoeconomiasocial\/wp-json\/wp\/v2\/product\/61463"}],"collection":[{"href":"https:\/\/www.mendoza.gov.ar\/catalogoeconomiasocial\/wp-json\/wp\/v2\/product"}],"about":[{"href":"https:\/\/www.mendoza.gov.ar\/catalogoeconomiasocial\/wp-json\/wp\/v2\/types\/product"}],"replies":[{"embeddable":true,"href":"https:\/\/www.mendoza.gov.ar\/catalogoeconomiasocial\/wp-json\/wp\/v2\/comments?post=61463"}],"wp:featuredmedia":[{"embeddable":true,"href":"https:\/\/www.mendoza.gov.ar\/catalogoeconomiasocial\/wp-json\/wp\/v2\/media\/61464"}],"wp:attachment":[{"href":"https:\/\/www.mendoza.gov.ar\/catalogoeconomiasocial\/wp-json\/wp\/v2\/media?parent=61463"}],"wp:term":[{"taxonomy":"product_cat","embeddable":true,"href":"https:\/\/www.mendoza.gov.ar\/catalogoeconomiasocial\/wp-json\/wp\/v2\/product_cat?post=61463"},{"taxonomy":"product_tag","embeddable":true,"href":"https:\/\/www.mendoza.gov.ar\/catalogoeconomiasocial\/wp-json\/wp\/v2\/product_tag?post=61463"}],"curies":[{"name":"wp","href":"https:\/\/api.w.org\/{rel}","templated":true}]}}

Parte superior: remera en tela con frente de lentejuelas negras y aplicación de corazón en glitter rojo, cosido y reforzado para mayor durabilidad. Cuello: volados en tul blanco semitransparente con detalles decorativos en forma de corazón. Falda: combinada en tul en tonos rojo, negro y blanco, con corazones aplicados en glitter rojo en la parte frontal. Peluca: elaborada en tul fruncido de alto volumen en color fucsia, con corona dorada decorativa con detalles de corazones. Accesorio: cetro con corazón, ideal para complementar el personaje. Medidas: Se confecciona a medida o en talles estándar (consultar disponibilidad). Proceso: Diseño y confección artesanal, con aplicaciones cosidas Ideal para eventos temáticos, fiestas de disfraces, actos escolares y producciones fotográficas.
