{"id":61466,"date":"2026-02-20T12:39:39","date_gmt":"2026-02-20T15:39:39","guid":{"rendered":"https:\/\/www.mendoza.gov.ar\/catalogoeconomiasocial\/?post_type=product&#038;p=61466"},"modified":"2026-02-20T12:39:39","modified_gmt":"2026-02-20T15:39:39","slug":"disfraz-griego","status":"publish","type":"product","link":"https:\/\/www.mendoza.gov.ar\/catalogoeconomiasocial\/producto\/disfraz-griego\/","title":{"rendered":"Disfraz Griego"},"content":{"rendered":"<!DOCTYPE html PUBLIC \"-\/\/W3C\/\/DTD HTML 4.0 Transitional\/\/EN\" \"http:\/\/www.w3.org\/TR\/REC-html40\/loose.dtd\">\n\n","protected":false},"excerpt":{"rendered":"Conjunto inspirado en la antigua Grecia y Roma, confeccionado de manera artesanal con telas livianas y detalles decorativos en dorado. Vestido femenino: Confeccionado en tela blanca, de ca\u00edda suave y brillo delicado. Corte recto, largo hasta los tobillos. Cintur\u00f3n decorativa en tono beige\/dorado. Accesorios incluidos: collar de m\u00faltiples cadenas doradas. T\u00fanica masculina: Base en tela blanca liviana. Dise\u00f1o de una sola manga con ca\u00edda cruzada estilo toga. Aplicaciones y bordes en cinta dorada satinada. Complemento: corona tipo laurel en dorado. Medidas: Se confecciona en talles est\u00e1ndar o a medida (largo adaptable seg\u00fan altura). Proceso de confecci\u00f3n: Dise\u00f1o y armado artesanal, costuras reforzadas, terminaciones con cinta decorativa dorada aplicada y accesorios colocados manualmente. Ideal para fiestas tem\u00e1ticas, eventos escolares, obras teatrales y producciones fotogr\u00e1ficas","protected":false},"featured_media":61468,"comment_status":"open","ping_status":"closed","template":"","meta":[],"product_cat":[1065,6160],"product_tag":[1381],"_links":{"self":[{"href":"https:\/\/www.mendoza.gov.ar\/catalogoeconomiasocial\/wp-json\/wp\/v2\/product\/61466"}],"collection":[{"href":"https:\/\/www.mendoza.gov.ar\/catalogoeconomiasocial\/wp-json\/wp\/v2\/product"}],"about":[{"href":"https:\/\/www.mendoza.gov.ar\/catalogoeconomiasocial\/wp-json\/wp\/v2\/types\/product"}],"replies":[{"embeddable":true,"href":"https:\/\/www.mendoza.gov.ar\/catalogoeconomiasocial\/wp-json\/wp\/v2\/comments?post=61466"}],"wp:featuredmedia":[{"embeddable":true,"href":"https:\/\/www.mendoza.gov.ar\/catalogoeconomiasocial\/wp-json\/wp\/v2\/media\/61468"}],"wp:attachment":[{"href":"https:\/\/www.mendoza.gov.ar\/catalogoeconomiasocial\/wp-json\/wp\/v2\/media?parent=61466"}],"wp:term":[{"taxonomy":"product_cat","embeddable":true,"href":"https:\/\/www.mendoza.gov.ar\/catalogoeconomiasocial\/wp-json\/wp\/v2\/product_cat?post=61466"},{"taxonomy":"product_tag","embeddable":true,"href":"https:\/\/www.mendoza.gov.ar\/catalogoeconomiasocial\/wp-json\/wp\/v2\/product_tag?post=61466"}],"curies":[{"name":"wp","href":"https:\/\/api.w.org\/{rel}","templated":true}]}}

Conjunto inspirado en la antigua Grecia y Roma, confeccionado de manera artesanal con telas livianas y detalles decorativos en dorado. Vestido femenino: Confeccionado en tela blanca, de caída suave y brillo delicado. Corte recto, largo hasta los tobillos. Cinturón decorativa en tono beige/dorado. Accesorios incluidos: collar de múltiples cadenas doradas. Túnica masculina: Base en tela blanca liviana. Diseño de una sola manga con caída cruzada estilo toga. Aplicaciones y bordes en cinta dorada satinada. Complemento: corona tipo laurel en dorado. Medidas: Se confecciona en talles estándar o a medida (largo adaptable según altura). Proceso de confección: Diseño y armado artesanal, costuras reforzadas, terminaciones con cinta decorativa dorada aplicada y accesorios colocados manualmente. Ideal para fiestas temáticas, eventos escolares, obras teatrales y producciones fotográficas
