{"id":61525,"date":"2026-02-27T12:01:00","date_gmt":"2026-02-27T15:01:00","guid":{"rendered":"https:\/\/www.mendoza.gov.ar\/catalogoeconomiasocial\/?post_type=product&#038;p=61525"},"modified":"2026-02-27T12:01:00","modified_gmt":"2026-02-27T15:01:00","slug":"collares-de-las-mil-vueltas","status":"publish","type":"product","link":"https:\/\/www.mendoza.gov.ar\/catalogoeconomiasocial\/producto\/collares-de-las-mil-vueltas\/","title":{"rendered":"Collares de las Mil Vueltas"},"content":{"rendered":"<!DOCTYPE html PUBLIC \"-\/\/W3C\/\/DTD HTML 4.0 Transitional\/\/EN\" \"http:\/\/www.w3.org\/TR\/REC-html40\/loose.dtd\">\n\n","protected":false},"excerpt":{"rendered":"Collar multiposici\u00f3n \u201cMil Vueltas\u201d con piedras energ\u00e9ticas Materiales: Hilo encerado de alta resistencia Piedras energ\u00e9ticas naturales (cuarzos, turquesas, \u00f3nix, etc.) Mostacillas peque\u00f1as de vidrio y piedra Terminales met\u00e1licas Proceso de elaboraci\u00f3n: Corte de hilo encerado largo (m\u00e1s extenso que un collar tradicional). Enhebrado intercalado de: Piedras naturales Mostacillas peque\u00f1as Secci\u00f3n central m\u00e1s cargada para generar ca\u00edda est\u00e9tica. Remate con nudos firmes y terminaciones met\u00e1licas. Puede incluir sistema ajustable o simplemente ser largo sin cierre. Caracter\u00edstica diferencial: Puede usarse largo En varias vueltas al cuello Cruzado tipo body chain Como cintur\u00f3n fino Incluso como pulsera m\u00faltiple","protected":false},"featured_media":61526,"comment_status":"open","ping_status":"closed","template":"","meta":[],"product_cat":[5923,6098,6102],"product_tag":[245,7059],"_links":{"self":[{"href":"https:\/\/www.mendoza.gov.ar\/catalogoeconomiasocial\/wp-json\/wp\/v2\/product\/61525"}],"collection":[{"href":"https:\/\/www.mendoza.gov.ar\/catalogoeconomiasocial\/wp-json\/wp\/v2\/product"}],"about":[{"href":"https:\/\/www.mendoza.gov.ar\/catalogoeconomiasocial\/wp-json\/wp\/v2\/types\/product"}],"replies":[{"embeddable":true,"href":"https:\/\/www.mendoza.gov.ar\/catalogoeconomiasocial\/wp-json\/wp\/v2\/comments?post=61525"}],"wp:featuredmedia":[{"embeddable":true,"href":"https:\/\/www.mendoza.gov.ar\/catalogoeconomiasocial\/wp-json\/wp\/v2\/media\/61526"}],"wp:attachment":[{"href":"https:\/\/www.mendoza.gov.ar\/catalogoeconomiasocial\/wp-json\/wp\/v2\/media?parent=61525"}],"wp:term":[{"taxonomy":"product_cat","embeddable":true,"href":"https:\/\/www.mendoza.gov.ar\/catalogoeconomiasocial\/wp-json\/wp\/v2\/product_cat?post=61525"},{"taxonomy":"product_tag","embeddable":true,"href":"https:\/\/www.mendoza.gov.ar\/catalogoeconomiasocial\/wp-json\/wp\/v2\/product_tag?post=61525"}],"curies":[{"name":"wp","href":"https:\/\/api.w.org\/{rel}","templated":true}]}}

Collar multiposición “Mil Vueltas” con piedras energéticas Materiales: Hilo encerado de alta resistencia Piedras energéticas naturales (cuarzos, turquesas, ónix, etc.) Mostacillas pequeñas de vidrio y piedra Terminales metálicas Proceso de elaboración: Corte de hilo encerado largo (más extenso que un collar tradicional). Enhebrado intercalado de: Piedras naturales Mostacillas pequeñas Sección central más cargada para generar caída estética. Remate con nudos firmes y terminaciones metálicas. Puede incluir sistema ajustable o simplemente ser largo sin cierre. Característica diferencial: Puede usarse largo En varias vueltas al cuello Cruzado tipo body chain Como cinturón fino Incluso como pulsera múltiple
