{"id":61564,"date":"2026-03-04T10:04:22","date_gmt":"2026-03-04T13:04:22","guid":{"rendered":"https:\/\/www.mendoza.gov.ar\/catalogoeconomiasocial\/?post_type=product&#038;p=61564"},"modified":"2026-03-04T10:04:22","modified_gmt":"2026-03-04T13:04:22","slug":"remera-coleccion-women-in-steam-vol-1","status":"publish","type":"product","link":"https:\/\/www.mendoza.gov.ar\/catalogoeconomiasocial\/producto\/remera-coleccion-women-in-steam-vol-1\/","title":{"rendered":"Remera Colecci\u00f3n WOMEN IN STEAM &#8211; Vol 1"},"content":{"rendered":"<!DOCTYPE html PUBLIC \"-\/\/W3C\/\/DTD HTML 4.0 Transitional\/\/EN\" \"http:\/\/www.w3.org\/TR\/REC-html40\/loose.dtd\">\n\n","protected":false},"excerpt":{"rendered":"Tres remeras que hacen honor a tres mujeres en la ciencia y la tecnolog\u00eda que cambiaron nuestra forma de ver el mundo. Marie Curie: identific\u00f3 y aisl\u00f3 el Radio y Polonio, entre otros grandes hitos. Rosalind Franklin: postul\u00f3 y demostr\u00f3 la doble cadena del ADN en su foto 51 Valentina Tereshkova: fue la primera mujer en el espacio, viaj\u00f3 en solitario y orbit\u00f3 la Tierra 48 veces en casi tres d\u00edas. Material: algod\u00f3n peinado, corte recto Estampa artesanal: serigraf\u00eda con tintas al agua, el color verde es fotoluminiscente (se carga con luz UV y brilla en la oscuridad) Talles: S al 3XL Revisar tabla de talles y disponibilidad en nuestra tienda: https:\/\/www.wearenerdos.com\/","protected":false},"featured_media":61565,"comment_status":"open","ping_status":"closed","template":"","meta":[],"product_cat":[5923],"product_tag":[1505,1380],"_links":{"self":[{"href":"https:\/\/www.mendoza.gov.ar\/catalogoeconomiasocial\/wp-json\/wp\/v2\/product\/61564"}],"collection":[{"href":"https:\/\/www.mendoza.gov.ar\/catalogoeconomiasocial\/wp-json\/wp\/v2\/product"}],"about":[{"href":"https:\/\/www.mendoza.gov.ar\/catalogoeconomiasocial\/wp-json\/wp\/v2\/types\/product"}],"replies":[{"embeddable":true,"href":"https:\/\/www.mendoza.gov.ar\/catalogoeconomiasocial\/wp-json\/wp\/v2\/comments?post=61564"}],"wp:featuredmedia":[{"embeddable":true,"href":"https:\/\/www.mendoza.gov.ar\/catalogoeconomiasocial\/wp-json\/wp\/v2\/media\/61565"}],"wp:attachment":[{"href":"https:\/\/www.mendoza.gov.ar\/catalogoeconomiasocial\/wp-json\/wp\/v2\/media?parent=61564"}],"wp:term":[{"taxonomy":"product_cat","embeddable":true,"href":"https:\/\/www.mendoza.gov.ar\/catalogoeconomiasocial\/wp-json\/wp\/v2\/product_cat?post=61564"},{"taxonomy":"product_tag","embeddable":true,"href":"https:\/\/www.mendoza.gov.ar\/catalogoeconomiasocial\/wp-json\/wp\/v2\/product_tag?post=61564"}],"curies":[{"name":"wp","href":"https:\/\/api.w.org\/{rel}","templated":true}]}}