{"id":61666,"date":"2026-03-16T11:08:10","date_gmt":"2026-03-16T14:08:10","guid":{"rendered":"https:\/\/www.mendoza.gov.ar\/catalogoeconomiasocial\/?post_type=product&#038;p=61666"},"modified":"2026-03-16T11:08:11","modified_gmt":"2026-03-16T14:08:11","slug":"bouquet-de-margaritas","status":"publish","type":"product","link":"https:\/\/www.mendoza.gov.ar\/catalogoeconomiasocial\/producto\/bouquet-de-margaritas\/","title":{"rendered":"Bouquet de Margaritas"},"content":{"rendered":"<!DOCTYPE html PUBLIC \"-\/\/W3C\/\/DTD HTML 4.0 Transitional\/\/EN\" \"http:\/\/www.w3.org\/TR\/REC-html40\/loose.dtd\">\n\n","protected":false},"excerpt":{"rendered":"Bouquet de velas arom\u00e1ticas en forma de margaritas, elaboradas artesanalmente con cera de soja. Cada pieza est\u00e1 presentada como un peque\u00f1o ramo floral, combinando colores delicados y una est\u00e9tica natural que las hace \u00fanicas. Se destacan por su original presentaci\u00f3n tipo bouquet, ideal para regalar como una alternativa creativa a las flores tradicionales. Son arom\u00e1ticas, decorativas y hechas a mano, pensadas para perfumar ambientes y aportar un detalle c\u00e1lido y especial. \u2728 Caracter\u00edsticas: Velas arom\u00e1ticas de cera de soja Dise\u00f1o de margaritas delicadamente moldeadas Presentaci\u00f3n en formato bouquet floral Hechas artesanalmente Ideales para regalos, recuerdos o detalles especiales Un detalle diferente que combina la belleza de las flores con la calidez de una vela. \ud83c\udf3c\ud83d\udd6f\ufe0f","protected":false},"featured_media":61657,"comment_status":"open","ping_status":"closed","template":"","meta":[],"product_cat":[6046,6053,6058,6076],"product_tag":[6347,2100],"_links":{"self":[{"href":"https:\/\/www.mendoza.gov.ar\/catalogoeconomiasocial\/wp-json\/wp\/v2\/product\/61666"}],"collection":[{"href":"https:\/\/www.mendoza.gov.ar\/catalogoeconomiasocial\/wp-json\/wp\/v2\/product"}],"about":[{"href":"https:\/\/www.mendoza.gov.ar\/catalogoeconomiasocial\/wp-json\/wp\/v2\/types\/product"}],"replies":[{"embeddable":true,"href":"https:\/\/www.mendoza.gov.ar\/catalogoeconomiasocial\/wp-json\/wp\/v2\/comments?post=61666"}],"wp:featuredmedia":[{"embeddable":true,"href":"https:\/\/www.mendoza.gov.ar\/catalogoeconomiasocial\/wp-json\/wp\/v2\/media\/61657"}],"wp:attachment":[{"href":"https:\/\/www.mendoza.gov.ar\/catalogoeconomiasocial\/wp-json\/wp\/v2\/media?parent=61666"}],"wp:term":[{"taxonomy":"product_cat","embeddable":true,"href":"https:\/\/www.mendoza.gov.ar\/catalogoeconomiasocial\/wp-json\/wp\/v2\/product_cat?post=61666"},{"taxonomy":"product_tag","embeddable":true,"href":"https:\/\/www.mendoza.gov.ar\/catalogoeconomiasocial\/wp-json\/wp\/v2\/product_tag?post=61666"}],"curies":[{"name":"wp","href":"https:\/\/api.w.org\/{rel}","templated":true}]}}