{"id":61689,"date":"2026-03-17T10:47:13","date_gmt":"2026-03-17T13:47:13","guid":{"rendered":"https:\/\/www.mendoza.gov.ar\/catalogoeconomiasocial\/?post_type=product&#038;p=61689"},"modified":"2026-03-17T10:47:13","modified_gmt":"2026-03-17T13:47:13","slug":"set-de-nacimiento","status":"publish","type":"product","link":"https:\/\/www.mendoza.gov.ar\/catalogoeconomiasocial\/producto\/set-de-nacimiento\/","title":{"rendered":"Set de Nacimiento"},"content":{"rendered":"<!DOCTYPE html PUBLIC \"-\/\/W3C\/\/DTD HTML 4.0 Transitional\/\/EN\" \"http:\/\/www.w3.org\/TR\/REC-html40\/loose.dtd\">\n\n","protected":false},"excerpt":{"rendered":"Los set de nacimiento, set de bienvenida o ajuares son la primer ropita que se busca con amor, entusiasmo, ilusi\u00f3n, estan confeccionados con telas 100%de algod\u00f3n, ya que se usan en contacto directo con la piel del beb\u00e9. Se hace un peque\u00f1o stock para entrega inmediata o se pueden hacer por pedido seleccionando la cantidad de piezas que se desea (body, que tipo de body, batita, ranita o pantal\u00f3n, zapatitos, gorrito, conjunto de abrigo, manta, etc), eligiendo tambi\u00e9n el color, la estampa y las posibles combinaciones (ajuar liso completo, ajuar combinado).","protected":false},"featured_media":61696,"comment_status":"open","ping_status":"closed","template":"","meta":[],"product_cat":[5923,6377],"product_tag":[1505,136,6969],"_links":{"self":[{"href":"https:\/\/www.mendoza.gov.ar\/catalogoeconomiasocial\/wp-json\/wp\/v2\/product\/61689"}],"collection":[{"href":"https:\/\/www.mendoza.gov.ar\/catalogoeconomiasocial\/wp-json\/wp\/v2\/product"}],"about":[{"href":"https:\/\/www.mendoza.gov.ar\/catalogoeconomiasocial\/wp-json\/wp\/v2\/types\/product"}],"replies":[{"embeddable":true,"href":"https:\/\/www.mendoza.gov.ar\/catalogoeconomiasocial\/wp-json\/wp\/v2\/comments?post=61689"}],"wp:featuredmedia":[{"embeddable":true,"href":"https:\/\/www.mendoza.gov.ar\/catalogoeconomiasocial\/wp-json\/wp\/v2\/media\/61696"}],"wp:attachment":[{"href":"https:\/\/www.mendoza.gov.ar\/catalogoeconomiasocial\/wp-json\/wp\/v2\/media?parent=61689"}],"wp:term":[{"taxonomy":"product_cat","embeddable":true,"href":"https:\/\/www.mendoza.gov.ar\/catalogoeconomiasocial\/wp-json\/wp\/v2\/product_cat?post=61689"},{"taxonomy":"product_tag","embeddable":true,"href":"https:\/\/www.mendoza.gov.ar\/catalogoeconomiasocial\/wp-json\/wp\/v2\/product_tag?post=61689"}],"curies":[{"name":"wp","href":"https:\/\/api.w.org\/{rel}","templated":true}]}}