{"id":61698,"date":"2026-03-17T10:50:14","date_gmt":"2026-03-17T13:50:14","guid":{"rendered":"https:\/\/www.mendoza.gov.ar\/catalogoeconomiasocial\/?post_type=product&#038;p=61698"},"modified":"2026-03-17T10:50:14","modified_gmt":"2026-03-17T13:50:14","slug":"accesorios-para-bebes","status":"publish","type":"product","link":"https:\/\/www.mendoza.gov.ar\/catalogoeconomiasocial\/producto\/accesorios-para-bebes\/","title":{"rendered":"Accesorios para Beb\u00e9s"},"content":{"rendered":"<!DOCTYPE html PUBLIC \"-\/\/W3C\/\/DTD HTML 4.0 Transitional\/\/EN\" \"http:\/\/www.w3.org\/TR\/REC-html40\/loose.dtd\">\n\n","protected":false},"excerpt":{"rendered":"Portachupetes, baberos, babitas, almohadoncitos, mu\u00f1ecos de apego, portalibretas de salud, neceser, cambiadores, etc, en BRUN\u00c9 confeccionamos una amplia variedad de accesorios pensados para regalar en ese momento tan especial como el nacimiento de un bebito, y usamos la misma metodolog\u00eda, tenemos un peque\u00f1o stock para entrega inmediata o podemos hacerlo personalizado, dando la opcion de poder elegir colores y dise\u00f1os.","protected":false},"featured_media":61691,"comment_status":"open","ping_status":"closed","template":"","meta":[],"product_cat":[5923,6377],"product_tag":[1808,6457,2706],"_links":{"self":[{"href":"https:\/\/www.mendoza.gov.ar\/catalogoeconomiasocial\/wp-json\/wp\/v2\/product\/61698"}],"collection":[{"href":"https:\/\/www.mendoza.gov.ar\/catalogoeconomiasocial\/wp-json\/wp\/v2\/product"}],"about":[{"href":"https:\/\/www.mendoza.gov.ar\/catalogoeconomiasocial\/wp-json\/wp\/v2\/types\/product"}],"replies":[{"embeddable":true,"href":"https:\/\/www.mendoza.gov.ar\/catalogoeconomiasocial\/wp-json\/wp\/v2\/comments?post=61698"}],"wp:featuredmedia":[{"embeddable":true,"href":"https:\/\/www.mendoza.gov.ar\/catalogoeconomiasocial\/wp-json\/wp\/v2\/media\/61691"}],"wp:attachment":[{"href":"https:\/\/www.mendoza.gov.ar\/catalogoeconomiasocial\/wp-json\/wp\/v2\/media?parent=61698"}],"wp:term":[{"taxonomy":"product_cat","embeddable":true,"href":"https:\/\/www.mendoza.gov.ar\/catalogoeconomiasocial\/wp-json\/wp\/v2\/product_cat?post=61698"},{"taxonomy":"product_tag","embeddable":true,"href":"https:\/\/www.mendoza.gov.ar\/catalogoeconomiasocial\/wp-json\/wp\/v2\/product_tag?post=61698"}],"curies":[{"name":"wp","href":"https:\/\/api.w.org\/{rel}","templated":true}]}}