{"id":990,"date":"2016-08-26T18:00:00","date_gmt":"2016-08-26T21:00:00","guid":{"rendered":"http:\/\/catalogoeconomiasocial.mendoza.gov.ar\/?post_type=product&#038;p=990"},"modified":"2023-03-17T11:14:21","modified_gmt":"2023-03-17T14:14:21","slug":"collar-2","status":"publish","type":"product","link":"https:\/\/www.mendoza.gov.ar\/catalogoeconomiasocial\/producto\/collar-2\/","title":{"rendered":"Collares de Mostacilla Tejidas"},"content":{"rendered":"<!DOCTYPE html PUBLIC \"-\/\/W3C\/\/DTD HTML 4.0 Transitional\/\/EN\" \"http:\/\/www.w3.org\/TR\/REC-html40\/loose.dtd\">\n\n","protected":false},"excerpt":{"rendered":"&nbsp;\r\n\r\nMaterial: mostacilla, hilo\r\n\r\n&nbsp;\r\n\r\nCOLLARES: Los collares, caminos que recorren el cuello, poseen todo contenido simbolico. En estas artesan\u00edas, de origen ancestral Embera Cham\u00ed, la semilla se aproxima a la chaquira o mostacilla de vidrio y ambas emprenden la traves\u00eda del tejido, que el hilo de nylon articula junto con la aguja, dirigido por las manos y el pensamiento de la tejedora.\r\n\r\n&nbsp;","protected":false},"featured_media":31836,"comment_status":"closed","ping_status":"closed","template":"","meta":[],"product_cat":[5923,6098,6102],"product_tag":[1336,961,2130,995,520,2131,2129],"_links":{"self":[{"href":"https:\/\/www.mendoza.gov.ar\/catalogoeconomiasocial\/wp-json\/wp\/v2\/product\/990"}],"collection":[{"href":"https:\/\/www.mendoza.gov.ar\/catalogoeconomiasocial\/wp-json\/wp\/v2\/product"}],"about":[{"href":"https:\/\/www.mendoza.gov.ar\/catalogoeconomiasocial\/wp-json\/wp\/v2\/types\/product"}],"replies":[{"embeddable":true,"href":"https:\/\/www.mendoza.gov.ar\/catalogoeconomiasocial\/wp-json\/wp\/v2\/comments?post=990"}],"wp:featuredmedia":[{"embeddable":true,"href":"https:\/\/www.mendoza.gov.ar\/catalogoeconomiasocial\/wp-json\/wp\/v2\/media\/31836"}],"wp:attachment":[{"href":"https:\/\/www.mendoza.gov.ar\/catalogoeconomiasocial\/wp-json\/wp\/v2\/media?parent=990"}],"wp:term":[{"taxonomy":"product_cat","embeddable":true,"href":"https:\/\/www.mendoza.gov.ar\/catalogoeconomiasocial\/wp-json\/wp\/v2\/product_cat?post=990"},{"taxonomy":"product_tag","embeddable":true,"href":"https:\/\/www.mendoza.gov.ar\/catalogoeconomiasocial\/wp-json\/wp\/v2\/product_tag?post=990"}],"curies":[{"name":"wp","href":"https:\/\/api.w.org\/{rel}","templated":true}]}}

&nbsp;

Material: mostacilla, hilo

&nbsp;

COLLARES: Los collares, caminos que recorren el cuello, poseen todo contenido simbolico. En estas artesanías, de origen ancestral Embera Chamí, la semilla se aproxima a la chaquira o mostacilla de vidrio y ambas emprenden la travesía del tejido, que el hilo de nylon articula junto con la aguja, dirigido por las manos y el pensamiento de la tejedora.

&nbsp;
