{"id":115113,"date":"2017-11-23T16:07:36","date_gmt":"2017-11-23T19:07:36","guid":{"rendered":"http:\/\/prensa.wp1.mendoza.gov.ar\/wp-content\/uploads\/sites\/5\/2017\/11\/D\u00eda-de-la-Diabetes-en-OSEP-Tunuy\u00e1n2-.jpeg"},"modified":"2017-11-23T16:07:36","modified_gmt":"2017-11-23T19:07:36","slug":"dia-de-la-diabetes-en-osep-tunuyan2","status":"inherit","type":"attachment","link":"https:\/\/www.mendoza.gov.ar\/prensa\/jornada-de-actividades-sobre-diabetes-en-osep-tunuyan\/dia-de-la-diabetes-en-osep-tunuyan2\/","title":{"rendered":"D\u00eda de la Diabetes en OSEP Tunuy\u00e1n2"},"author":63,"comment_status":"open","ping_status":"closed","template":"","meta":[],"description":{"rendered":"<!DOCTYPE html PUBLIC \"-\/\/W3C\/\/DTD HTML 4.0 Transitional\/\/EN\" \"http:\/\/www.w3.org\/TR\/REC-html40\/loose.dtd\">\n<html><body><p class=\"attachment\"><a href=\"https:\/\/www.mendoza.gov.ar\/wp-content\/uploads\/sites\/5\/2017\/11\/D%C3%ADa-de-la-Diabetes-en-OSEP-Tunuy%C3%A1n2-.jpeg\"><img width=\"250\" height=\"141\" src=\"https:\/\/www.mendoza.gov.ar\/wp-content\/uploads\/sites\/5\/2017\/11\/D%C3%ADa-de-la-Diabetes-en-OSEP-Tunuy%C3%A1n2--250x141.jpeg\" class=\"attachment-medium size-medium img-responsive center-block\" alt=\"\" loading=\"lazy\" srcset=\"https:\/\/www.mendoza.gov.ar\/wp-content\/uploads\/sites\/5\/2017\/11\/D&iacute;a-de-la-Diabetes-en-OSEP-Tunuy&aacute;n2--250x141.jpeg 250w, https:\/\/www.mendoza.gov.ar\/wp-content\/uploads\/sites\/5\/2017\/11\/D&iacute;a-de-la-Diabetes-en-OSEP-Tunuy&aacute;n2--768x432.jpeg 768w, https:\/\/www.mendoza.gov.ar\/wp-content\/uploads\/sites\/5\/2017\/11\/D&iacute;a-de-la-Diabetes-en-OSEP-Tunuy&aacute;n2--700x394.jpeg 700w, https:\/\/www.mendoza.gov.ar\/wp-content\/uploads\/sites\/5\/2017\/11\/D&iacute;a-de-la-Diabetes-en-OSEP-Tunuy&aacute;n2--120x68.jpeg 120w, https:\/\/www.mendoza.gov.ar\/wp-content\/uploads\/sites\/5\/2017\/11\/D&iacute;a-de-la-Diabetes-en-OSEP-Tunuy&aacute;n2-.jpeg 1280w\" sizes=\"(max-width: 250px) 100vw, 250px\"><\/a><\/p>\n<\/body><\/html>\n"},"caption":{"rendered":""},"alt_text":"","media_type":"image","mime_type":"image\/jpeg","media_details":{"width":1280,"height":720,"file":"2017\/11\/D\u00eda-de-la-Diabetes-en-OSEP-Tunuy\u00e1n2-.jpeg","sizes":{"thumbnail":{"file":"D\u00eda-de-la-Diabetes-en-OSEP-Tunuy\u00e1n2--150x150.jpeg","width":150,"height":150,"mime_type":"image\/jpeg","source_url":"https:\/\/www.mendoza.gov.ar\/wp-content\/uploads\/sites\/5\/2017\/11\/D\u00eda-de-la-Diabetes-en-OSEP-Tunuy\u00e1n2--150x150.jpeg"},"medium":{"file":"D\u00eda-de-la-Diabetes-en-OSEP-Tunuy\u00e1n2--250x141.jpeg","width":250,"height":141,"mime_type":"image\/jpeg","source_url":"https:\/\/www.mendoza.gov.ar\/wp-content\/uploads\/sites\/5\/2017\/11\/D\u00eda-de-la-Diabetes-en-OSEP-Tunuy\u00e1n2--250x141.jpeg"},"medium_large":{"file":"D\u00eda-de-la-Diabetes-en-OSEP-Tunuy\u00e1n2--768x432.jpeg","width":768,"height":432,"mime_type":"image\/jpeg","source_url":"https:\/\/www.mendoza.gov.ar\/wp-content\/uploads\/sites\/5\/2017\/11\/D\u00eda-de-la-Diabetes-en-OSEP-Tunuy\u00e1n2--768x432.jpeg"},"large":{"file":"D\u00eda-de-la-Diabetes-en-OSEP-Tunuy\u00e1n2--700x394.jpeg","width":700,"height":394,"mime_type":"image\/jpeg","source_url":"https:\/\/www.mendoza.gov.ar\/wp-content\/uploads\/sites\/5\/2017\/11\/D\u00eda-de-la-Diabetes-en-OSEP-Tunuy\u00e1n2--700x394.jpeg"},"small":{"file":"D\u00eda-de-la-Diabetes-en-OSEP-Tunuy\u00e1n2--120x68.jpeg","width":120,"height":68,"mime_type":"image\/jpeg","source_url":"https:\/\/www.mendoza.gov.ar\/wp-content\/uploads\/sites\/5\/2017\/11\/D\u00eda-de-la-Diabetes-en-OSEP-Tunuy\u00e1n2--120x68.jpeg"},"custom-size":{"file":"D\u00eda-de-la-Diabetes-en-OSEP-Tunuy\u00e1n2--700x200.jpeg","width":700,"height":200,"mime_type":"image\/jpeg","source_url":"https:\/\/www.mendoza.gov.ar\/wp-content\/uploads\/sites\/5\/2017\/11\/D\u00eda-de-la-Diabetes-en-OSEP-Tunuy\u00e1n2--700x200.jpeg"},"full":{"file":"D\u00eda-de-la-Diabetes-en-OSEP-Tunuy\u00e1n2-.jpeg","width":1280,"height":720,"mime_type":"image\/jpeg","source_url":"https:\/\/www.mendoza.gov.ar\/wp-content\/uploads\/sites\/5\/2017\/11\/D\u00eda-de-la-Diabetes-en-OSEP-Tunuy\u00e1n2-.jpeg"}},"image_meta":{"aperture":"0","credit":"","camera":"","caption":"","created_timestamp":"0","copyright":"","focal_length":"0","iso":"0","shutter_speed":"0","title":"","orientation":"0","keywords":[]}},"post":115112,"source_url":"https:\/\/www.mendoza.gov.ar\/wp-content\/uploads\/sites\/5\/2017\/11\/D\u00eda-de-la-Diabetes-en-OSEP-Tunuy\u00e1n2-.jpeg","_links":{"self":[{"href":"https:\/\/www.mendoza.gov.ar\/prensa\/wp-json\/wp\/v2\/media\/115113"}],"collection":[{"href":"https:\/\/www.mendoza.gov.ar\/prensa\/wp-json\/wp\/v2\/media"}],"about":[{"href":"https:\/\/www.mendoza.gov.ar\/prensa\/wp-json\/wp\/v2\/types\/attachment"}],"author":[{"embeddable":true,"href":"https:\/\/www.mendoza.gov.ar\/prensa\/wp-json\/wp\/v2\/users\/63"}],"replies":[{"embeddable":true,"href":"https:\/\/www.mendoza.gov.ar\/prensa\/wp-json\/wp\/v2\/comments?post=115113"}]}}

http://prensa.wp1.mendoza.gov.ar/wp-content/uploads/sites/5/2017/11/Día-de-la-Diabetes-en-OSEP-Tunuyán2-.jpeg

Día de la Diabetes en OSEP Tunuyán2

2017/11/Día-de-la-Diabetes-en-OSEP-Tunuyán2-.jpeg

Día-de-la-Diabetes-en-OSEP-Tunuyán2--150x150.jpeg

https://www.mendoza.gov.ar/wp-content/uploads/sites/5/2017/11/Día-de-la-Diabetes-en-OSEP-Tunuyán2--150x150.jpeg

Día-de-la-Diabetes-en-OSEP-Tunuyán2--250x141.jpeg

https://www.mendoza.gov.ar/wp-content/uploads/sites/5/2017/11/Día-de-la-Diabetes-en-OSEP-Tunuyán2--250x141.jpeg

Día-de-la-Diabetes-en-OSEP-Tunuyán2--768x432.jpeg

https://www.mendoza.gov.ar/wp-content/uploads/sites/5/2017/11/Día-de-la-Diabetes-en-OSEP-Tunuyán2--768x432.jpeg

Día-de-la-Diabetes-en-OSEP-Tunuyán2--700x394.jpeg

https://www.mendoza.gov.ar/wp-content/uploads/sites/5/2017/11/Día-de-la-Diabetes-en-OSEP-Tunuyán2--700x394.jpeg

Día-de-la-Diabetes-en-OSEP-Tunuyán2--120x68.jpeg

https://www.mendoza.gov.ar/wp-content/uploads/sites/5/2017/11/Día-de-la-Diabetes-en-OSEP-Tunuyán2--120x68.jpeg

Día-de-la-Diabetes-en-OSEP-Tunuyán2--700x200.jpeg

https://www.mendoza.gov.ar/wp-content/uploads/sites/5/2017/11/Día-de-la-Diabetes-en-OSEP-Tunuyán2--700x200.jpeg

Día-de-la-Diabetes-en-OSEP-Tunuyán2-.jpeg

https://www.mendoza.gov.ar/wp-content/uploads/sites/5/2017/11/Día-de-la-Diabetes-en-OSEP-Tunuyán2-.jpeg
