{"id":115214,"date":"2017-11-24T11:35:07","date_gmt":"2017-11-24T14:35:07","guid":{"rendered":"http:\/\/prensa.wp1.mendoza.gov.ar\/wp-content\/uploads\/sites\/5\/2017\/11\/DSC_1223.jpg"},"modified":"2017-11-24T11:35:44","modified_gmt":"2017-11-24T14:35:44","slug":"secretaria-de-ambiente-jornada-nacional-de-planes-locales-de-a-3","status":"inherit","type":"attachment","link":"https:\/\/www.mendoza.gov.ar\/prensa\/ambiente-realizo-la-jornada-nacional-de-planes-locales-de-accion-climatica\/secretaria-de-ambiente-jornada-nacional-de-planes-locales-de-a-3\/","title":{"rendered":"Secretaria de Ambiente &#8211; Jornada Nacional de Planes Locales de A"},"author":61,"comment_status":"open","ping_status":"closed","template":"","meta":[],"description":{"rendered":"<!DOCTYPE html PUBLIC \"-\/\/W3C\/\/DTD HTML 4.0 Transitional\/\/EN\" \"http:\/\/www.w3.org\/TR\/REC-html40\/loose.dtd\">\n<html><body><p class=\"attachment\"><a href=\"https:\/\/www.mendoza.gov.ar\/wp-content\/uploads\/sites\/5\/2017\/11\/DSC_1223.jpg\"><img width=\"250\" height=\"167\" src=\"https:\/\/www.mendoza.gov.ar\/wp-content\/uploads\/sites\/5\/2017\/11\/DSC_1223-250x167.jpg\" class=\"attachment-medium size-medium img-responsive center-block\" alt=\"\" loading=\"lazy\" srcset=\"https:\/\/www.mendoza.gov.ar\/wp-content\/uploads\/sites\/5\/2017\/11\/DSC_1223-250x167.jpg 250w, https:\/\/www.mendoza.gov.ar\/wp-content\/uploads\/sites\/5\/2017\/11\/DSC_1223-768x513.jpg 768w, https:\/\/www.mendoza.gov.ar\/wp-content\/uploads\/sites\/5\/2017\/11\/DSC_1223-700x467.jpg 700w, https:\/\/www.mendoza.gov.ar\/wp-content\/uploads\/sites\/5\/2017\/11\/DSC_1223-120x80.jpg 120w\" sizes=\"(max-width: 250px) 100vw, 250px\"><\/a><\/p>\n<\/body><\/html>\n"},"caption":{"rendered":""},"alt_text":"","media_type":"image","mime_type":"image\/jpeg","media_details":{"width":5095,"height":3401,"file":"2017\/11\/DSC_1223.jpg","sizes":{"thumbnail":{"file":"DSC_1223-150x150.jpg","width":150,"height":150,"mime_type":"image\/jpeg","source_url":"https:\/\/www.mendoza.gov.ar\/wp-content\/uploads\/sites\/5\/2017\/11\/DSC_1223-150x150.jpg"},"medium":{"file":"DSC_1223-250x167.jpg","width":250,"height":167,"mime_type":"image\/jpeg","source_url":"https:\/\/www.mendoza.gov.ar\/wp-content\/uploads\/sites\/5\/2017\/11\/DSC_1223-250x167.jpg"},"medium_large":{"file":"DSC_1223-768x513.jpg","width":768,"height":513,"mime_type":"image\/jpeg","source_url":"https:\/\/www.mendoza.gov.ar\/wp-content\/uploads\/sites\/5\/2017\/11\/DSC_1223-768x513.jpg"},"large":{"file":"DSC_1223-700x467.jpg","width":700,"height":467,"mime_type":"image\/jpeg","source_url":"https:\/\/www.mendoza.gov.ar\/wp-content\/uploads\/sites\/5\/2017\/11\/DSC_1223-700x467.jpg"},"small":{"file":"DSC_1223-120x80.jpg","width":120,"height":80,"mime_type":"image\/jpeg","source_url":"https:\/\/www.mendoza.gov.ar\/wp-content\/uploads\/sites\/5\/2017\/11\/DSC_1223-120x80.jpg"},"custom-size":{"file":"DSC_1223-700x200.jpg","width":700,"height":200,"mime_type":"image\/jpeg","source_url":"https:\/\/www.mendoza.gov.ar\/wp-content\/uploads\/sites\/5\/2017\/11\/DSC_1223-700x200.jpg"},"full":{"file":"DSC_1223.jpg","width":5095,"height":3401,"mime_type":"image\/jpeg","source_url":"https:\/\/www.mendoza.gov.ar\/wp-content\/uploads\/sites\/5\/2017\/11\/DSC_1223.jpg"}},"image_meta":{"aperture":"4.5","credit":"Fotografia Gobierno de Mendoza","camera":"NIKON D600","caption":"Mendoza 23-11-2017 \/ Se inici\u00f3 la Jornada Nacional de Planes Locales de Acci\u00f3n Clim\u00e1tica. Estuvieron presentes, intendentes de municipios, el sec. de ambiente, cuerpo consular de Canad\u00e1 y miembros de la Red Argentina de Municipios contra el Cambio Clim\u00e1tico. En la foto: Rodolfo Suarez, Intendente de Mendoza; Carlos Amanquez, Coordinador de Comunicaciones y Relaciones Institucionales de la Red Argentina de Municipios Frente al Cambio Clim\u00e1tico; Humberto Mingorance, secretario de Ambiente y Ordenamiento Territorial.","created_timestamp":"1506686096","copyright":"","focal_length":"80","iso":"2000","shutter_speed":"0.008","title":"Secretaria de Ambiente - Jornada Nacional de Planes Locales de A","orientation":"1","keywords":["Gobierno","Mendoza","Ambiente","Accion Climatica"]}},"post":115211,"source_url":"https:\/\/www.mendoza.gov.ar\/wp-content\/uploads\/sites\/5\/2017\/11\/DSC_1223.jpg","_links":{"self":[{"href":"https:\/\/www.mendoza.gov.ar\/prensa\/wp-json\/wp\/v2\/media\/115214"}],"collection":[{"href":"https:\/\/www.mendoza.gov.ar\/prensa\/wp-json\/wp\/v2\/media"}],"about":[{"href":"https:\/\/www.mendoza.gov.ar\/prensa\/wp-json\/wp\/v2\/types\/attachment"}],"author":[{"embeddable":true,"href":"https:\/\/www.mendoza.gov.ar\/prensa\/wp-json\/wp\/v2\/users\/61"}],"replies":[{"embeddable":true,"href":"https:\/\/www.mendoza.gov.ar\/prensa\/wp-json\/wp\/v2\/comments?post=115214"}]}}

Mendoza 23-11-2017 / Se inició la Jornada Nacional de Planes Locales de Acción Climática. Estuvieron presentes, intendentes de municipios, el sec. de ambiente, cuerpo consular de Canadá y miembros de la Red Argentina de Municipios contra el Cambio Climático. En la foto: Rodolfo Suarez, Intendente de Mendoza; Carlos Amanquez, Coordinador de Comunicaciones y Relaciones Institucionales de la Red Argentina de Municipios Frente al Cambio Climático; Humberto Mingorance, secretario de Ambiente y Ordenamiento Territorial.
