{"id":118087,"date":"2017-12-18T12:08:33","date_gmt":"2017-12-18T15:08:33","guid":{"rendered":"http:\/\/prensa.wp1.mendoza.gov.ar\/wp-content\/uploads\/sites\/5\/2017\/12\/0002816.jpg"},"modified":"2017-12-18T12:08:44","modified_gmt":"2017-12-18T15:08:44","slug":"secretaria-de-deportes-turf-vendimia-disputa-del-clasico-ven-2","status":"inherit","type":"attachment","link":"https:\/\/www.mendoza.gov.ar\/prensa\/carreras-largas-para-el-cierre-anual-del-hipodromo-de-mendoza\/secretaria-de-deportes-turf-vendimia-disputa-del-clasico-ven-2\/","title":{"rendered":"Secretaria de Deportes, Turf Vendimia . Disputa del Cl\u00e1sico Ven"},"author":61,"comment_status":"open","ping_status":"closed","template":"","meta":[],"description":{"rendered":"<!DOCTYPE html PUBLIC \"-\/\/W3C\/\/DTD HTML 4.0 Transitional\/\/EN\" \"http:\/\/www.w3.org\/TR\/REC-html40\/loose.dtd\">\n<html><body><p class=\"attachment\"><a href=\"https:\/\/www.mendoza.gov.ar\/wp-content\/uploads\/sites\/5\/2017\/12\/0002816.jpg\"><img width=\"250\" height=\"167\" src=\"https:\/\/www.mendoza.gov.ar\/wp-content\/uploads\/sites\/5\/2017\/12\/0002816-250x167.jpg\" class=\"attachment-medium size-medium img-responsive center-block\" alt=\"\" loading=\"lazy\" srcset=\"https:\/\/www.mendoza.gov.ar\/wp-content\/uploads\/sites\/5\/2017\/12\/0002816-250x167.jpg 250w, https:\/\/www.mendoza.gov.ar\/wp-content\/uploads\/sites\/5\/2017\/12\/0002816-768x513.jpg 768w, https:\/\/www.mendoza.gov.ar\/wp-content\/uploads\/sites\/5\/2017\/12\/0002816-700x467.jpg 700w, https:\/\/www.mendoza.gov.ar\/wp-content\/uploads\/sites\/5\/2017\/12\/0002816-120x80.jpg 120w\" sizes=\"(max-width: 250px) 100vw, 250px\"><\/a><\/p>\n<\/body><\/html>\n"},"caption":{"rendered":""},"alt_text":"","media_type":"image","mime_type":"image\/jpeg","media_details":{"width":7360,"height":4912,"file":"2017\/12\/0002816.jpg","sizes":{"thumbnail":{"file":"0002816-150x150.jpg","width":150,"height":150,"mime_type":"image\/jpeg","source_url":"https:\/\/www.mendoza.gov.ar\/wp-content\/uploads\/sites\/5\/2017\/12\/0002816-150x150.jpg"},"medium":{"file":"0002816-250x167.jpg","width":250,"height":167,"mime_type":"image\/jpeg","source_url":"https:\/\/www.mendoza.gov.ar\/wp-content\/uploads\/sites\/5\/2017\/12\/0002816-250x167.jpg"},"medium_large":{"file":"0002816-768x513.jpg","width":768,"height":513,"mime_type":"image\/jpeg","source_url":"https:\/\/www.mendoza.gov.ar\/wp-content\/uploads\/sites\/5\/2017\/12\/0002816-768x513.jpg"},"large":{"file":"0002816-700x467.jpg","width":700,"height":467,"mime_type":"image\/jpeg","source_url":"https:\/\/www.mendoza.gov.ar\/wp-content\/uploads\/sites\/5\/2017\/12\/0002816-700x467.jpg"},"small":{"file":"0002816-120x80.jpg","width":120,"height":80,"mime_type":"image\/jpeg","source_url":"https:\/\/www.mendoza.gov.ar\/wp-content\/uploads\/sites\/5\/2017\/12\/0002816-120x80.jpg"},"custom-size":{"file":"0002816-700x200.jpg","width":700,"height":200,"mime_type":"image\/jpeg","source_url":"https:\/\/www.mendoza.gov.ar\/wp-content\/uploads\/sites\/5\/2017\/12\/0002816-700x200.jpg"},"full":{"file":"0002816.jpg","width":7360,"height":4912,"mime_type":"image\/jpeg","source_url":"https:\/\/www.mendoza.gov.ar\/wp-content\/uploads\/sites\/5\/2017\/12\/0002816.jpg"}},"image_meta":{"aperture":"4.5","credit":"Fotograf\u00eda Gobierno de Mendoza","camera":"NIKON D810","caption":"Mendoza 05-03-2017 Se realizo en el Hip\u00f3dromo de Mendoza  el cl\u00e1sico Vendimia con una espectacular presencia de publico,  Carreras anteriores, esperando por el premio Vendimia 2017","created_timestamp":"1408568024","copyright":"","focal_length":"200","iso":"320","shutter_speed":"0.0015625","title":"Secretaria de Deportes, Turf Vendimia . Disputa del Cl\u00e1sico Ven","orientation":"1","keywords":["Secretaria de Deporte","Turf","Hip\u00f3dromo de Mendoza."]}},"post":118086,"source_url":"https:\/\/www.mendoza.gov.ar\/wp-content\/uploads\/sites\/5\/2017\/12\/0002816.jpg","_links":{"self":[{"href":"https:\/\/www.mendoza.gov.ar\/prensa\/wp-json\/wp\/v2\/media\/118087"}],"collection":[{"href":"https:\/\/www.mendoza.gov.ar\/prensa\/wp-json\/wp\/v2\/media"}],"about":[{"href":"https:\/\/www.mendoza.gov.ar\/prensa\/wp-json\/wp\/v2\/types\/attachment"}],"author":[{"embeddable":true,"href":"https:\/\/www.mendoza.gov.ar\/prensa\/wp-json\/wp\/v2\/users\/61"}],"replies":[{"embeddable":true,"href":"https:\/\/www.mendoza.gov.ar\/prensa\/wp-json\/wp\/v2\/comments?post=118087"}]}}

Secretaria de Deportes, Turf Vendimia . Disputa del Clásico Ven

Fotografía Gobierno de Mendoza

Mendoza 05-03-2017 Se realizo en el Hipódromo de Mendoza  el clásico Vendimia con una espectacular presencia de publico,  Carreras anteriores, esperando por el premio Vendimia 2017

Hipódromo de Mendoza.
