{"id":118588,"date":"2017-12-21T15:53:45","date_gmt":"2017-12-21T18:53:45","guid":{"rendered":"http:\/\/prensa.wp1.mendoza.gov.ar\/wp-content\/uploads\/sites\/5\/2017\/12\/600_5459.jpg"},"modified":"2017-12-21T15:53:58","modified_gmt":"2017-12-21T18:53:58","slug":"21-12-2017-ambiente-celebracion-solsticio-de-verano-2","status":"inherit","type":"attachment","link":"https:\/\/www.mendoza.gov.ar\/prensa\/los-pueblos-originarios-celebraron-el-solsticio-de-verano\/21-12-2017-ambiente-celebracion-solsticio-de-verano-2\/","title":{"rendered":"21-12-2017 Ambiente &#8211; Celebraci\u00f3n Solsticio de verano"},"author":63,"comment_status":"open","ping_status":"closed","template":"","meta":[],"description":{"rendered":"<!DOCTYPE html PUBLIC \"-\/\/W3C\/\/DTD HTML 4.0 Transitional\/\/EN\" \"http:\/\/www.w3.org\/TR\/REC-html40\/loose.dtd\">\n<html><body><p class=\"attachment\"><a href=\"https:\/\/www.mendoza.gov.ar\/wp-content\/uploads\/sites\/5\/2017\/12\/600_5459.jpg\"><img width=\"250\" height=\"167\" src=\"https:\/\/www.mendoza.gov.ar\/wp-content\/uploads\/sites\/5\/2017\/12\/600_5459-250x167.jpg\" class=\"attachment-medium size-medium img-responsive center-block\" alt=\"\" loading=\"lazy\" srcset=\"https:\/\/www.mendoza.gov.ar\/wp-content\/uploads\/sites\/5\/2017\/12\/600_5459-250x167.jpg 250w, https:\/\/www.mendoza.gov.ar\/wp-content\/uploads\/sites\/5\/2017\/12\/600_5459-768x513.jpg 768w, https:\/\/www.mendoza.gov.ar\/wp-content\/uploads\/sites\/5\/2017\/12\/600_5459-700x467.jpg 700w, https:\/\/www.mendoza.gov.ar\/wp-content\/uploads\/sites\/5\/2017\/12\/600_5459-120x80.jpg 120w\" sizes=\"(max-width: 250px) 100vw, 250px\"><\/a><\/p>\n<\/body><\/html>\n"},"caption":{"rendered":""},"alt_text":"","media_type":"image","mime_type":"image\/jpeg","media_details":{"width":3000,"height":2003,"file":"2017\/12\/600_5459.jpg","sizes":{"thumbnail":{"file":"600_5459-150x150.jpg","width":150,"height":150,"mime_type":"image\/jpeg","source_url":"https:\/\/www.mendoza.gov.ar\/wp-content\/uploads\/sites\/5\/2017\/12\/600_5459-150x150.jpg"},"medium":{"file":"600_5459-250x167.jpg","width":250,"height":167,"mime_type":"image\/jpeg","source_url":"https:\/\/www.mendoza.gov.ar\/wp-content\/uploads\/sites\/5\/2017\/12\/600_5459-250x167.jpg"},"medium_large":{"file":"600_5459-768x513.jpg","width":768,"height":513,"mime_type":"image\/jpeg","source_url":"https:\/\/www.mendoza.gov.ar\/wp-content\/uploads\/sites\/5\/2017\/12\/600_5459-768x513.jpg"},"large":{"file":"600_5459-700x467.jpg","width":700,"height":467,"mime_type":"image\/jpeg","source_url":"https:\/\/www.mendoza.gov.ar\/wp-content\/uploads\/sites\/5\/2017\/12\/600_5459-700x467.jpg"},"small":{"file":"600_5459-120x80.jpg","width":120,"height":80,"mime_type":"image\/jpeg","source_url":"https:\/\/www.mendoza.gov.ar\/wp-content\/uploads\/sites\/5\/2017\/12\/600_5459-120x80.jpg"},"custom-size":{"file":"600_5459-700x200.jpg","width":700,"height":200,"mime_type":"image\/jpeg","source_url":"https:\/\/www.mendoza.gov.ar\/wp-content\/uploads\/sites\/5\/2017\/12\/600_5459-700x200.jpg"},"full":{"file":"600_5459.jpg","width":3000,"height":2003,"mime_type":"image\/jpeg","source_url":"https:\/\/www.mendoza.gov.ar\/wp-content\/uploads\/sites\/5\/2017\/12\/600_5459.jpg"}},"image_meta":{"aperture":"0","credit":"","camera":"","caption":"Los Pueblos Originarios de Mendoza, conjuntamente con la Direcci\u00f3n de Ecoparque de la Secretar\u00eda de Ambiente, realizaron una celebraci\u00f3n por el solsticio de verano en la Explanada del Monumento del Cerro de la Gloria. En la foto: Mariana Caram, directora de Ecoparque junto a representantes de los pueblos originarios","created_timestamp":"1513855364","copyright":"Prensa Gobierno de Mendoza","focal_length":"0","iso":"0","shutter_speed":"0","title":"21-12-2017 Ambiente - Celebraci\u00f3n Solsticio de verano","orientation":"0","keywords":["ambiente","cerro gloria","comunidad originaria","ecoparque","festejo","mariana caram","ritual","solsticio verano"]}},"post":118586,"source_url":"https:\/\/www.mendoza.gov.ar\/wp-content\/uploads\/sites\/5\/2017\/12\/600_5459.jpg","_links":{"self":[{"href":"https:\/\/www.mendoza.gov.ar\/prensa\/wp-json\/wp\/v2\/media\/118588"}],"collection":[{"href":"https:\/\/www.mendoza.gov.ar\/prensa\/wp-json\/wp\/v2\/media"}],"about":[{"href":"https:\/\/www.mendoza.gov.ar\/prensa\/wp-json\/wp\/v2\/types\/attachment"}],"author":[{"embeddable":true,"href":"https:\/\/www.mendoza.gov.ar\/prensa\/wp-json\/wp\/v2\/users\/63"}],"replies":[{"embeddable":true,"href":"https:\/\/www.mendoza.gov.ar\/prensa\/wp-json\/wp\/v2\/comments?post=118588"}]}}

21-12-2017 Ambiente &#8211; Celebración Solsticio de verano

Los Pueblos Originarios de Mendoza, conjuntamente con la Dirección de Ecoparque de la Secretaría de Ambiente, realizaron una celebración por el solsticio de verano en la Explanada del Monumento del Cerro de la Gloria. En la foto: Mariana Caram, directora de Ecoparque junto a representantes de los pueblos originarios

21-12-2017 Ambiente - Celebración Solsticio de verano
