{"id":122424,"date":"2018-02-01T14:50:24","date_gmt":"2018-02-01T17:50:24","guid":{"rendered":"http:\/\/prensa.wp1.mendoza.gov.ar\/wp-content\/uploads\/sites\/5\/2018\/02\/DSC_7687.jpg"},"modified":"2018-02-01T14:50:43","modified_gmt":"2018-02-01T17:50:43","slug":"firma-de-convenios-servicios-publicos-4","status":"inherit","type":"attachment","link":"https:\/\/www.mendoza.gov.ar\/prensa\/convenios-para-mejorar-el-servicio-electrico-en-zonas-rurales\/firma-de-convenios-servicios-publicos-4\/","title":{"rendered":"Firma de convenios Servicios P\u00fablicos"},"author":63,"comment_status":"open","ping_status":"closed","template":"","meta":[],"description":{"rendered":"<!DOCTYPE html PUBLIC \"-\/\/W3C\/\/DTD HTML 4.0 Transitional\/\/EN\" \"http:\/\/www.w3.org\/TR\/REC-html40\/loose.dtd\">\n<html><body><p class=\"attachment\"><a href=\"https:\/\/www.mendoza.gov.ar\/wp-content\/uploads\/sites\/5\/2018\/02\/DSC_7687.jpg\"><img width=\"250\" height=\"153\" src=\"https:\/\/www.mendoza.gov.ar\/wp-content\/uploads\/sites\/5\/2018\/02\/DSC_7687-250x153.jpg\" class=\"attachment-medium size-medium img-responsive center-block\" alt=\"\" loading=\"lazy\" srcset=\"https:\/\/www.mendoza.gov.ar\/wp-content\/uploads\/sites\/5\/2018\/02\/DSC_7687-250x153.jpg 250w, https:\/\/www.mendoza.gov.ar\/wp-content\/uploads\/sites\/5\/2018\/02\/DSC_7687-768x469.jpg 768w, https:\/\/www.mendoza.gov.ar\/wp-content\/uploads\/sites\/5\/2018\/02\/DSC_7687-700x427.jpg 700w, https:\/\/www.mendoza.gov.ar\/wp-content\/uploads\/sites\/5\/2018\/02\/DSC_7687-120x73.jpg 120w\" sizes=\"(max-width: 250px) 100vw, 250px\"><\/a><\/p>\n<\/body><\/html>\n"},"caption":{"rendered":""},"alt_text":"","media_type":"image","mime_type":"image\/jpeg","media_details":{"width":3000,"height":1832,"file":"2018\/02\/DSC_7687.jpg","sizes":{"thumbnail":{"file":"DSC_7687-150x150.jpg","width":150,"height":150,"mime_type":"image\/jpeg","source_url":"https:\/\/www.mendoza.gov.ar\/wp-content\/uploads\/sites\/5\/2018\/02\/DSC_7687-150x150.jpg"},"medium":{"file":"DSC_7687-250x153.jpg","width":250,"height":153,"mime_type":"image\/jpeg","source_url":"https:\/\/www.mendoza.gov.ar\/wp-content\/uploads\/sites\/5\/2018\/02\/DSC_7687-250x153.jpg"},"medium_large":{"file":"DSC_7687-768x469.jpg","width":768,"height":469,"mime_type":"image\/jpeg","source_url":"https:\/\/www.mendoza.gov.ar\/wp-content\/uploads\/sites\/5\/2018\/02\/DSC_7687-768x469.jpg"},"large":{"file":"DSC_7687-700x427.jpg","width":700,"height":427,"mime_type":"image\/jpeg","source_url":"https:\/\/www.mendoza.gov.ar\/wp-content\/uploads\/sites\/5\/2018\/02\/DSC_7687-700x427.jpg"},"small":{"file":"DSC_7687-120x73.jpg","width":120,"height":73,"mime_type":"image\/jpeg","source_url":"https:\/\/www.mendoza.gov.ar\/wp-content\/uploads\/sites\/5\/2018\/02\/DSC_7687-120x73.jpg"},"custom-size":{"file":"DSC_7687-700x200.jpg","width":700,"height":200,"mime_type":"image\/jpeg","source_url":"https:\/\/www.mendoza.gov.ar\/wp-content\/uploads\/sites\/5\/2018\/02\/DSC_7687-700x200.jpg"},"full":{"file":"DSC_7687.jpg","width":3000,"height":1832,"mime_type":"image\/jpeg","source_url":"https:\/\/www.mendoza.gov.ar\/wp-content\/uploads\/sites\/5\/2018\/02\/DSC_7687.jpg"}},"image_meta":{"aperture":"10","credit":"Gobierno de Mendoza","camera":"NIKON D7200","caption":"Firma de convenios Servicios P\u00fablicos","created_timestamp":"1517487457","copyright":"","focal_length":"18","iso":"5000","shutter_speed":"0.008","title":"Firma de convenios Servicios P\u00fablicos","orientation":"0","keywords":["En Foto: Dr. Natalio Mema, Secretario de Servicios P\u00fablicos","Fernandeo Formento, presidente directorio EDESTE","Ra\u00fal Stasi, gerente gral. EDESTE","Victor Iba\u00f1ez, coord. de obras EDESTE","Ing. Mauricio Roge, cord. obras EDESTE e ing.  Luis Mallar coord. obras EDESTE"]}},"post":122420,"source_url":"https:\/\/www.mendoza.gov.ar\/wp-content\/uploads\/sites\/5\/2018\/02\/DSC_7687.jpg","_links":{"self":[{"href":"https:\/\/www.mendoza.gov.ar\/prensa\/wp-json\/wp\/v2\/media\/122424"}],"collection":[{"href":"https:\/\/www.mendoza.gov.ar\/prensa\/wp-json\/wp\/v2\/media"}],"about":[{"href":"https:\/\/www.mendoza.gov.ar\/prensa\/wp-json\/wp\/v2\/types\/attachment"}],"author":[{"embeddable":true,"href":"https:\/\/www.mendoza.gov.ar\/prensa\/wp-json\/wp\/v2\/users\/63"}],"replies":[{"embeddable":true,"href":"https:\/\/www.mendoza.gov.ar\/prensa\/wp-json\/wp\/v2\/comments?post=122424"}]}}

Firma de convenios Servicios Públicos

En Foto: Dr. Natalio Mema, Secretario de Servicios Públicos

Raúl Stasi, gerente gral. EDESTE

Victor Ibañez, coord. de obras EDESTE
