{"id":123545,"date":"2018-02-09T18:14:14","date_gmt":"2018-02-09T21:14:14","guid":{"rendered":"http:\/\/prensa.wp1.mendoza.gov.ar\/wp-content\/uploads\/sites\/5\/2018\/02\/0IB_3135.jpg"},"modified":"2018-02-09T18:14:27","modified_gmt":"2018-02-09T21:14:27","slug":"operativo-de-control-de-transporte-de-carga-3","status":"inherit","type":"attachment","link":"https:\/\/www.mendoza.gov.ar\/prensa\/zonas-de-montana-recomendaciones-para-conducir-con-mal-tiempo\/operativo-de-control-de-transporte-de-carga-3\/","title":{"rendered":""},"author":68,"comment_status":"open","ping_status":"closed","template":"","meta":[],"description":{"rendered":"<!DOCTYPE html PUBLIC \"-\/\/W3C\/\/DTD HTML 4.0 Transitional\/\/EN\" \"http:\/\/www.w3.org\/TR\/REC-html40\/loose.dtd\">\n<html><body><p class=\"attachment\"><a href=\"https:\/\/www.mendoza.gov.ar\/wp-content\/uploads\/sites\/5\/2018\/02\/0IB_3135.jpg\"><img width=\"250\" height=\"166\" src=\"https:\/\/www.mendoza.gov.ar\/wp-content\/uploads\/sites\/5\/2018\/02\/0IB_3135-250x166.jpg\" class=\"attachment-medium size-medium img-responsive center-block\" alt=\"\" loading=\"lazy\" srcset=\"https:\/\/www.mendoza.gov.ar\/wp-content\/uploads\/sites\/5\/2018\/02\/0IB_3135-250x166.jpg 250w, https:\/\/www.mendoza.gov.ar\/wp-content\/uploads\/sites\/5\/2018\/02\/0IB_3135-768x510.jpg 768w, https:\/\/www.mendoza.gov.ar\/wp-content\/uploads\/sites\/5\/2018\/02\/0IB_3135-700x465.jpg 700w, https:\/\/www.mendoza.gov.ar\/wp-content\/uploads\/sites\/5\/2018\/02\/0IB_3135-120x80.jpg 120w\" sizes=\"(max-width: 250px) 100vw, 250px\"><\/a><\/p>\n<\/body><\/html>\n"},"caption":{"rendered":""},"alt_text":"","media_type":"image","mime_type":"image\/jpeg","media_details":{"width":3000,"height":1993,"file":"2018\/02\/0IB_3135.jpg","sizes":{"thumbnail":{"file":"0IB_3135-150x150.jpg","width":150,"height":150,"mime_type":"image\/jpeg","source_url":"https:\/\/www.mendoza.gov.ar\/wp-content\/uploads\/sites\/5\/2018\/02\/0IB_3135-150x150.jpg"},"medium":{"file":"0IB_3135-250x166.jpg","width":250,"height":166,"mime_type":"image\/jpeg","source_url":"https:\/\/www.mendoza.gov.ar\/wp-content\/uploads\/sites\/5\/2018\/02\/0IB_3135-250x166.jpg"},"medium_large":{"file":"0IB_3135-768x510.jpg","width":768,"height":510,"mime_type":"image\/jpeg","source_url":"https:\/\/www.mendoza.gov.ar\/wp-content\/uploads\/sites\/5\/2018\/02\/0IB_3135-768x510.jpg"},"large":{"file":"0IB_3135-700x465.jpg","width":700,"height":465,"mime_type":"image\/jpeg","source_url":"https:\/\/www.mendoza.gov.ar\/wp-content\/uploads\/sites\/5\/2018\/02\/0IB_3135-700x465.jpg"},"small":{"file":"0IB_3135-120x80.jpg","width":120,"height":80,"mime_type":"image\/jpeg","source_url":"https:\/\/www.mendoza.gov.ar\/wp-content\/uploads\/sites\/5\/2018\/02\/0IB_3135-120x80.jpg"},"custom-size":{"file":"0IB_3135-700x200.jpg","width":700,"height":200,"mime_type":"image\/jpeg","source_url":"https:\/\/www.mendoza.gov.ar\/wp-content\/uploads\/sites\/5\/2018\/02\/0IB_3135-700x200.jpg"},"full":{"file":"0IB_3135.jpg","width":3000,"height":1993,"mime_type":"image\/jpeg","source_url":"https:\/\/www.mendoza.gov.ar\/wp-content\/uploads\/sites\/5\/2018\/02\/0IB_3135.jpg"}},"image_meta":{"aperture":"5.6","credit":"","camera":"NIKON D300","caption":"Santa Rosa, 05-08-17. El secretario de Servicios P\u00fablicos, Natalio Mema, particip\u00f3 del control de transporte de carga y alcoholemia que se realiz\u00f3 en la ruta 7 a la altura de La Salada.","created_timestamp":"1501934296","copyright":"","focal_length":"18","iso":"500","shutter_speed":"0.00025","title":"Operativo de control de transporte de carga","orientation":"0","keywords":["Alcoholemia","CNRT","Natalio Mema","Servicios P\u00fablicos","control"]}},"post":123540,"source_url":"https:\/\/www.mendoza.gov.ar\/wp-content\/uploads\/sites\/5\/2018\/02\/0IB_3135.jpg","_links":{"self":[{"href":"https:\/\/www.mendoza.gov.ar\/prensa\/wp-json\/wp\/v2\/media\/123545"}],"collection":[{"href":"https:\/\/www.mendoza.gov.ar\/prensa\/wp-json\/wp\/v2\/media"}],"about":[{"href":"https:\/\/www.mendoza.gov.ar\/prensa\/wp-json\/wp\/v2\/types\/attachment"}],"author":[{"embeddable":true,"href":"https:\/\/www.mendoza.gov.ar\/prensa\/wp-json\/wp\/v2\/users\/68"}],"replies":[{"embeddable":true,"href":"https:\/\/www.mendoza.gov.ar\/prensa\/wp-json\/wp\/v2\/comments?post=123545"}]}}

Santa Rosa, 05-08-17. El secretario de Servicios Públicos, Natalio Mema, participó del control de transporte de carga y alcoholemia que se realizó en la ruta 7 a la altura de La Salada.

Servicios Públicos
