{"id":123978,"date":"2018-02-16T09:11:05","date_gmt":"2018-02-16T12:11:05","guid":{"rendered":"http:\/\/prensa.wp1.mendoza.gov.ar\/wp-content\/uploads\/sites\/5\/2018\/02\/avi\u00f3n-antigranizo.jpg"},"modified":"2018-02-16T09:11:10","modified_gmt":"2018-02-16T12:11:10","slug":"inauguracion-de-la-campana-de-lucha-antigranizo-temporada-2014-14","status":"inherit","type":"attachment","link":"https:\/\/www.mendoza.gov.ar\/prensa\/lucha-antigranizo-las-tareas-de-mitigacion-se-concentraron-en-el-sur\/inauguracion-de-la-campana-de-lucha-antigranizo-temporada-2014-14\/","title":{"rendered":"Inauguraci\u00f3n de la Campa\u00f1a de Lucha Antigranizo, temporada 2014-"},"author":76,"comment_status":"open","ping_status":"closed","template":"","meta":[],"description":{"rendered":"<!DOCTYPE html PUBLIC \"-\/\/W3C\/\/DTD HTML 4.0 Transitional\/\/EN\" \"http:\/\/www.w3.org\/TR\/REC-html40\/loose.dtd\">\n<html><body><p class=\"attachment\"><a href=\"https:\/\/www.mendoza.gov.ar\/wp-content\/uploads\/sites\/5\/2018\/02\/avi%C3%B3n-antigranizo.jpg\"><img width=\"250\" height=\"141\" src=\"https:\/\/www.mendoza.gov.ar\/wp-content\/uploads\/sites\/5\/2018\/02\/avi%C3%B3n-antigranizo-250x141.jpg\" class=\"attachment-medium size-medium img-responsive center-block\" alt=\"\" loading=\"lazy\" srcset=\"https:\/\/www.mendoza.gov.ar\/wp-content\/uploads\/sites\/5\/2018\/02\/avi&oacute;n-antigranizo-250x141.jpg 250w, https:\/\/www.mendoza.gov.ar\/wp-content\/uploads\/sites\/5\/2018\/02\/avi&oacute;n-antigranizo-768x434.jpg 768w, https:\/\/www.mendoza.gov.ar\/wp-content\/uploads\/sites\/5\/2018\/02\/avi&oacute;n-antigranizo-700x395.jpg 700w, https:\/\/www.mendoza.gov.ar\/wp-content\/uploads\/sites\/5\/2018\/02\/avi&oacute;n-antigranizo-120x68.jpg 120w, https:\/\/www.mendoza.gov.ar\/wp-content\/uploads\/sites\/5\/2018\/02\/avi&oacute;n-antigranizo.jpg 1733w\" sizes=\"(max-width: 250px) 100vw, 250px\"><\/a><\/p>\n<\/body><\/html>\n"},"caption":{"rendered":""},"alt_text":"","media_type":"image","mime_type":"image\/jpeg","media_details":{"width":1733,"height":979,"file":"2018\/02\/avi\u00f3n-antigranizo.jpg","sizes":{"thumbnail":{"file":"avi\u00f3n-antigranizo-150x150.jpg","width":150,"height":150,"mime_type":"image\/jpeg","source_url":"https:\/\/www.mendoza.gov.ar\/wp-content\/uploads\/sites\/5\/2018\/02\/avi\u00f3n-antigranizo-150x150.jpg"},"medium":{"file":"avi\u00f3n-antigranizo-250x141.jpg","width":250,"height":141,"mime_type":"image\/jpeg","source_url":"https:\/\/www.mendoza.gov.ar\/wp-content\/uploads\/sites\/5\/2018\/02\/avi\u00f3n-antigranizo-250x141.jpg"},"medium_large":{"file":"avi\u00f3n-antigranizo-768x434.jpg","width":768,"height":434,"mime_type":"image\/jpeg","source_url":"https:\/\/www.mendoza.gov.ar\/wp-content\/uploads\/sites\/5\/2018\/02\/avi\u00f3n-antigranizo-768x434.jpg"},"large":{"file":"avi\u00f3n-antigranizo-700x395.jpg","width":700,"height":395,"mime_type":"image\/jpeg","source_url":"https:\/\/www.mendoza.gov.ar\/wp-content\/uploads\/sites\/5\/2018\/02\/avi\u00f3n-antigranizo-700x395.jpg"},"small":{"file":"avi\u00f3n-antigranizo-120x68.jpg","width":120,"height":68,"mime_type":"image\/jpeg","source_url":"https:\/\/www.mendoza.gov.ar\/wp-content\/uploads\/sites\/5\/2018\/02\/avi\u00f3n-antigranizo-120x68.jpg"},"custom-size":{"file":"avi\u00f3n-antigranizo-700x200.jpg","width":700,"height":200,"mime_type":"image\/jpeg","source_url":"https:\/\/www.mendoza.gov.ar\/wp-content\/uploads\/sites\/5\/2018\/02\/avi\u00f3n-antigranizo-700x200.jpg"},"full":{"file":"avi\u00f3n-antigranizo.jpg","width":1733,"height":979,"mime_type":"image\/jpeg","source_url":"https:\/\/www.mendoza.gov.ar\/wp-content\/uploads\/sites\/5\/2018\/02\/avi\u00f3n-antigranizo.jpg"}},"image_meta":{"aperture":"9","credit":"","camera":"NIKON D800","caption":"3 de octubre 2014 IV Brigada Area, Avenida Fuerza \nEl ministro de Agroindustria y Tecnolog\u00eda, Marcelo Costa participo de  la inauguraci\u00f3n de la Campa\u00f1a de Lucha Antigranizo, temporada 2014-2015.","created_timestamp":"1412339762","copyright":"","focal_length":"24","iso":"125","shutter_speed":"0.00125","title":"Inauguraci\u00f3n de la Campa\u00f1a de Lucha Antigranizo, temporada 2014-","orientation":"1","keywords":["lucha","granizo"]}},"post":123977,"source_url":"https:\/\/www.mendoza.gov.ar\/wp-content\/uploads\/sites\/5\/2018\/02\/avi\u00f3n-antigranizo.jpg","_links":{"self":[{"href":"https:\/\/www.mendoza.gov.ar\/prensa\/wp-json\/wp\/v2\/media\/123978"}],"collection":[{"href":"https:\/\/www.mendoza.gov.ar\/prensa\/wp-json\/wp\/v2\/media"}],"about":[{"href":"https:\/\/www.mendoza.gov.ar\/prensa\/wp-json\/wp\/v2\/types\/attachment"}],"author":[{"embeddable":true,"href":"https:\/\/www.mendoza.gov.ar\/prensa\/wp-json\/wp\/v2\/users\/76"}],"replies":[{"embeddable":true,"href":"https:\/\/www.mendoza.gov.ar\/prensa\/wp-json\/wp\/v2\/comments?post=123978"}]}}

http://prensa.wp1.mendoza.gov.ar/wp-content/uploads/sites/5/2018/02/avión-antigranizo.jpg

Inauguración de la Campaña de Lucha Antigranizo, temporada 2014-

2018/02/avión-antigranizo.jpg

avión-antigranizo-150x150.jpg

https://www.mendoza.gov.ar/wp-content/uploads/sites/5/2018/02/avión-antigranizo-150x150.jpg

avión-antigranizo-250x141.jpg

https://www.mendoza.gov.ar/wp-content/uploads/sites/5/2018/02/avión-antigranizo-250x141.jpg

avión-antigranizo-768x434.jpg

https://www.mendoza.gov.ar/wp-content/uploads/sites/5/2018/02/avión-antigranizo-768x434.jpg

avión-antigranizo-700x395.jpg

https://www.mendoza.gov.ar/wp-content/uploads/sites/5/2018/02/avión-antigranizo-700x395.jpg

avión-antigranizo-120x68.jpg

https://www.mendoza.gov.ar/wp-content/uploads/sites/5/2018/02/avión-antigranizo-120x68.jpg

avión-antigranizo-700x200.jpg

https://www.mendoza.gov.ar/wp-content/uploads/sites/5/2018/02/avión-antigranizo-700x200.jpg

avión-antigranizo.jpg

https://www.mendoza.gov.ar/wp-content/uploads/sites/5/2018/02/avión-antigranizo.jpg

3 de octubre 2014 IV Brigada Area, Avenida Fuerza 
El ministro de Agroindustria y Tecnología, Marcelo Costa participo de  la inauguración de la Campaña de Lucha Antigranizo, temporada 2014-2015.
