{"id":126999,"date":"2018-03-09T12:48:50","date_gmt":"2018-03-09T15:48:50","guid":{"rendered":"http:\/\/prensa.wp1.mendoza.gov.ar\/wp-content\/uploads\/sites\/5\/2018\/03\/aviones-lucha-antigranizo4-1.jpg"},"modified":"2018-05-03T21:18:39","modified_gmt":"2018-05-04T00:18:39","slug":"inauguracion-de-la-campana-de-lucha-antigranizo-temporada-2014-16","status":"inherit","type":"attachment","link":"https:\/\/www.mendoza.gov.ar\/prensa\/se-realizaron-operativos-para-mitigar-tormentas-graniceras-en-los-tres-oasis-productivos\/inauguracion-de-la-campana-de-lucha-antigranizo-temporada-2014-16\/","title":{"rendered":""},"author":61,"comment_status":"open","ping_status":"closed","template":"","meta":[],"description":{"rendered":"<!DOCTYPE html PUBLIC \"-\/\/W3C\/\/DTD HTML 4.0 Transitional\/\/EN\" \"http:\/\/www.w3.org\/TR\/REC-html40\/loose.dtd\">\n<html><body><p class=\"attachment\"><a href=\"https:\/\/www.mendoza.gov.ar\/wp-content\/uploads\/sites\/5\/2018\/03\/aviones-lucha-antigranizo4-1.jpg\"><img width=\"250\" height=\"167\" src=\"https:\/\/www.mendoza.gov.ar\/wp-content\/uploads\/sites\/5\/2018\/03\/aviones-lucha-antigranizo4-1-250x167.jpg\" class=\"attachment-medium size-medium img-responsive center-block\" alt=\"\" loading=\"lazy\" srcset=\"https:\/\/www.mendoza.gov.ar\/wp-content\/uploads\/sites\/5\/2018\/03\/aviones-lucha-antigranizo4-1-250x167.jpg 250w, https:\/\/www.mendoza.gov.ar\/wp-content\/uploads\/sites\/5\/2018\/03\/aviones-lucha-antigranizo4-1-768x512.jpg 768w, https:\/\/www.mendoza.gov.ar\/wp-content\/uploads\/sites\/5\/2018\/03\/aviones-lucha-antigranizo4-1-700x467.jpg 700w, https:\/\/www.mendoza.gov.ar\/wp-content\/uploads\/sites\/5\/2018\/03\/aviones-lucha-antigranizo4-1-120x80.jpg 120w, https:\/\/www.mendoza.gov.ar\/wp-content\/uploads\/sites\/5\/2018\/03\/aviones-lucha-antigranizo4-1.jpg 1772w\" sizes=\"(max-width: 250px) 100vw, 250px\"><\/a><\/p>\n<\/body><\/html>\n"},"caption":{"rendered":""},"alt_text":"","media_type":"image","mime_type":"image\/jpeg","media_details":{"width":1772,"height":1181,"file":"2018\/03\/aviones-lucha-antigranizo4-1.jpg","sizes":{"thumbnail":{"file":"aviones-lucha-antigranizo4-1-150x150.jpg","width":150,"height":150,"mime_type":"image\/jpeg","source_url":"https:\/\/www.mendoza.gov.ar\/wp-content\/uploads\/sites\/5\/2018\/03\/aviones-lucha-antigranizo4-1-150x150.jpg"},"medium":{"file":"aviones-lucha-antigranizo4-1-250x167.jpg","width":250,"height":167,"mime_type":"image\/jpeg","source_url":"https:\/\/www.mendoza.gov.ar\/wp-content\/uploads\/sites\/5\/2018\/03\/aviones-lucha-antigranizo4-1-250x167.jpg"},"medium_large":{"file":"aviones-lucha-antigranizo4-1-768x512.jpg","width":768,"height":512,"mime_type":"image\/jpeg","source_url":"https:\/\/www.mendoza.gov.ar\/wp-content\/uploads\/sites\/5\/2018\/03\/aviones-lucha-antigranizo4-1-768x512.jpg"},"large":{"file":"aviones-lucha-antigranizo4-1-700x467.jpg","width":700,"height":467,"mime_type":"image\/jpeg","source_url":"https:\/\/www.mendoza.gov.ar\/wp-content\/uploads\/sites\/5\/2018\/03\/aviones-lucha-antigranizo4-1-700x467.jpg"},"small":{"file":"aviones-lucha-antigranizo4-1-120x80.jpg","width":120,"height":80,"mime_type":"image\/jpeg","source_url":"https:\/\/www.mendoza.gov.ar\/wp-content\/uploads\/sites\/5\/2018\/03\/aviones-lucha-antigranizo4-1-120x80.jpg"},"custom-size":{"file":"aviones-lucha-antigranizo4-1-700x200.jpg","width":700,"height":200,"mime_type":"image\/jpeg","source_url":"https:\/\/www.mendoza.gov.ar\/wp-content\/uploads\/sites\/5\/2018\/03\/aviones-lucha-antigranizo4-1-700x200.jpg"},"full":{"file":"aviones-lucha-antigranizo4-1.jpg","width":1772,"height":1181,"mime_type":"image\/jpeg","source_url":"https:\/\/www.mendoza.gov.ar\/wp-content\/uploads\/sites\/5\/2018\/03\/aviones-lucha-antigranizo4-1.jpg"}},"image_meta":{"aperture":"9","credit":"","camera":"NIKON D800","caption":"3 de octubre 2014 IV Brigada Area, Avenida Fuerza \nEl ministro de Agroindustria y Tecnolog\u00eda, Marcelo Costa participo de  la inauguraci\u00f3n de la Campa\u00f1a de Lucha Antigranizo, temporada 2014-2015.","created_timestamp":"1412339670","copyright":"","focal_length":"31","iso":"125","shutter_speed":"0.0025","title":"Inauguraci\u00f3n de la Campa\u00f1a de Lucha Antigranizo, temporada 2014-","orientation":"1","keywords":["lucha","granizo"]}},"post":126998,"source_url":"https:\/\/www.mendoza.gov.ar\/wp-content\/uploads\/sites\/5\/2018\/03\/aviones-lucha-antigranizo4-1.jpg","_links":{"self":[{"href":"https:\/\/www.mendoza.gov.ar\/prensa\/wp-json\/wp\/v2\/media\/126999"}],"collection":[{"href":"https:\/\/www.mendoza.gov.ar\/prensa\/wp-json\/wp\/v2\/media"}],"about":[{"href":"https:\/\/www.mendoza.gov.ar\/prensa\/wp-json\/wp\/v2\/types\/attachment"}],"author":[{"embeddable":true,"href":"https:\/\/www.mendoza.gov.ar\/prensa\/wp-json\/wp\/v2\/users\/61"}],"replies":[{"embeddable":true,"href":"https:\/\/www.mendoza.gov.ar\/prensa\/wp-json\/wp\/v2\/comments?post=126999"}]}}

3 de octubre 2014 IV Brigada Area, Avenida Fuerza 
El ministro de Agroindustria y Tecnología, Marcelo Costa participo de  la inauguración de la Campaña de Lucha Antigranizo, temporada 2014-2015.

Inauguración de la Campaña de Lucha Antigranizo, temporada 2014-
