{"id":127942,"date":"2018-03-16T17:54:34","date_gmt":"2018-03-16T20:54:34","guid":{"rendered":"http:\/\/prensa.wp1.mendoza.gov.ar\/wp-content\/uploads\/sites\/5\/2018\/03\/FMS_4094.jpg"},"modified":"2018-03-16T17:54:50","modified_gmt":"2018-03-16T20:54:50","slug":"ministerio-de-gobierno-trabajo-y-justicia-restauracion-de-lo","status":"inherit","type":"attachment","link":"https:\/\/www.mendoza.gov.ar\/prensa\/convocan-a-presentar-proyectos-para-la-restauracion-de-los-bosques-nativos-degradados\/ministerio-de-gobierno-trabajo-y-justicia-restauracion-de-lo\/","title":{"rendered":"Ministerio de Gobierno, Trabajo y Justicia &#8211; Restauraci\u00f3n de lo"},"author":63,"comment_status":"open","ping_status":"closed","template":"","meta":[],"description":{"rendered":"<!DOCTYPE html PUBLIC \"-\/\/W3C\/\/DTD HTML 4.0 Transitional\/\/EN\" \"http:\/\/www.w3.org\/TR\/REC-html40\/loose.dtd\">\n<html><body><p class=\"attachment\"><a href=\"https:\/\/www.mendoza.gov.ar\/wp-content\/uploads\/sites\/5\/2018\/03\/FMS_4094.jpg\"><img width=\"250\" height=\"166\" src=\"https:\/\/www.mendoza.gov.ar\/wp-content\/uploads\/sites\/5\/2018\/03\/FMS_4094-250x166.jpg\" class=\"attachment-medium size-medium img-responsive center-block\" alt=\"\" loading=\"lazy\" srcset=\"https:\/\/www.mendoza.gov.ar\/wp-content\/uploads\/sites\/5\/2018\/03\/FMS_4094-250x166.jpg 250w, https:\/\/www.mendoza.gov.ar\/wp-content\/uploads\/sites\/5\/2018\/03\/FMS_4094-768x509.jpg 768w, https:\/\/www.mendoza.gov.ar\/wp-content\/uploads\/sites\/5\/2018\/03\/FMS_4094-700x464.jpg 700w, https:\/\/www.mendoza.gov.ar\/wp-content\/uploads\/sites\/5\/2018\/03\/FMS_4094-120x80.jpg 120w\" sizes=\"(max-width: 250px) 100vw, 250px\"><\/a><\/p>\n<\/body><\/html>\n"},"caption":{"rendered":""},"alt_text":"","media_type":"image","mime_type":"image\/jpeg","media_details":{"width":2163,"height":1433,"file":"2018\/03\/FMS_4094.jpg","sizes":{"thumbnail":{"file":"FMS_4094-150x150.jpg","width":150,"height":150,"mime_type":"image\/jpeg","source_url":"https:\/\/www.mendoza.gov.ar\/wp-content\/uploads\/sites\/5\/2018\/03\/FMS_4094-150x150.jpg"},"medium":{"file":"FMS_4094-250x166.jpg","width":250,"height":166,"mime_type":"image\/jpeg","source_url":"https:\/\/www.mendoza.gov.ar\/wp-content\/uploads\/sites\/5\/2018\/03\/FMS_4094-250x166.jpg"},"medium_large":{"file":"FMS_4094-768x509.jpg","width":768,"height":509,"mime_type":"image\/jpeg","source_url":"https:\/\/www.mendoza.gov.ar\/wp-content\/uploads\/sites\/5\/2018\/03\/FMS_4094-768x509.jpg"},"large":{"file":"FMS_4094-700x464.jpg","width":700,"height":464,"mime_type":"image\/jpeg","source_url":"https:\/\/www.mendoza.gov.ar\/wp-content\/uploads\/sites\/5\/2018\/03\/FMS_4094-700x464.jpg"},"small":{"file":"FMS_4094-120x80.jpg","width":120,"height":80,"mime_type":"image\/jpeg","source_url":"https:\/\/www.mendoza.gov.ar\/wp-content\/uploads\/sites\/5\/2018\/03\/FMS_4094-120x80.jpg"},"custom-size":{"file":"FMS_4094-700x200.jpg","width":700,"height":200,"mime_type":"image\/jpeg","source_url":"https:\/\/www.mendoza.gov.ar\/wp-content\/uploads\/sites\/5\/2018\/03\/FMS_4094-700x200.jpg"},"full":{"file":"FMS_4094.jpg","width":2163,"height":1433,"mime_type":"image\/jpeg","source_url":"https:\/\/www.mendoza.gov.ar\/wp-content\/uploads\/sites\/5\/2018\/03\/FMS_4094.jpg"}},"image_meta":{"aperture":"0","credit":"Fotografia Gobierno de Mendoza","camera":"","caption":"Mendoza 16-03-2018 \/ Se lanzaron las convocatorias para el Programa Nacional de Restauraci\u00f3n de los Bosques Nativos Degradados. Estuvieron Presentes en el 6to piso de Casa de Gobierno Sebastian Melchor (Coordinador de la Agencia de Cambio Clim\u00e1tico), Humberto Mignorance (Secretario de Ambiente y Ordenamiento Territorial), Sebasti\u00e1n Ferm\u00edn (Coordinador Programa Nacional de Proteccion de Bosques Nativos) e Ines Lanz (Asesora de la Secretaria Politica Ambiental del Ministerio de Ambiente de la Naci\u00f3n).","created_timestamp":"1506686096","copyright":"","focal_length":"0","iso":"0","shutter_speed":"0","title":"Ministerio de Gobierno, Trabajo y Justicia - Restauraci\u00f3n de lo","orientation":"1","keywords":["Gobierno","Mendoza","Ambiente","Accion Climatica","Bosques Nativos"]}},"post":127941,"source_url":"https:\/\/www.mendoza.gov.ar\/wp-content\/uploads\/sites\/5\/2018\/03\/FMS_4094.jpg","_links":{"self":[{"href":"https:\/\/www.mendoza.gov.ar\/prensa\/wp-json\/wp\/v2\/media\/127942"}],"collection":[{"href":"https:\/\/www.mendoza.gov.ar\/prensa\/wp-json\/wp\/v2\/media"}],"about":[{"href":"https:\/\/www.mendoza.gov.ar\/prensa\/wp-json\/wp\/v2\/types\/attachment"}],"author":[{"embeddable":true,"href":"https:\/\/www.mendoza.gov.ar\/prensa\/wp-json\/wp\/v2\/users\/63"}],"replies":[{"embeddable":true,"href":"https:\/\/www.mendoza.gov.ar\/prensa\/wp-json\/wp\/v2\/comments?post=127942"}]}}

Ministerio de Gobierno, Trabajo y Justicia &#8211; Restauración de lo

Mendoza 16-03-2018 / Se lanzaron las convocatorias para el Programa Nacional de Restauración de los Bosques Nativos Degradados. Estuvieron Presentes en el 6to piso de Casa de Gobierno Sebastian Melchor (Coordinador de la Agencia de Cambio Climático), Humberto Mignorance (Secretario de Ambiente y Ordenamiento Territorial), Sebastián Fermín (Coordinador Programa Nacional de Proteccion de Bosques Nativos) e Ines Lanz (Asesora de la Secretaria Politica Ambiental del Ministerio de Ambiente de la Nación).

Ministerio de Gobierno, Trabajo y Justicia - Restauración de lo
