{"id":176734,"date":"2019-03-18T21:41:04","date_gmt":"2019-03-19T00:41:04","guid":{"rendered":"http:\/\/prensa.wp1.mendoza.gov.ar\/wp-content\/uploads\/sites\/5\/2019\/03\/Colegio-Nacional-Agust\u00edn-\u00c1lvarez.jpg"},"modified":"2019-03-18T21:41:04","modified_gmt":"2019-03-19T00:41:04","slug":"colegio-nacional-agustin-alvarez-5","status":"inherit","type":"attachment","link":"https:\/\/www.mendoza.gov.ar\/prensa\/el-colegio-nacional-agustin-alvarez-cumple-154-anos-de-labor-ininterrumpida\/colegio-nacional-agustin-alvarez-5\/","title":{"rendered":"Colegio Nacional Agust\u00edn \u00c1lvarez"},"author":68,"comment_status":"open","ping_status":"closed","template":"","meta":[],"description":{"rendered":"<!DOCTYPE html PUBLIC \"-\/\/W3C\/\/DTD HTML 4.0 Transitional\/\/EN\" \"http:\/\/www.w3.org\/TR\/REC-html40\/loose.dtd\">\n<html><body><p class=\"attachment\"><a href=\"https:\/\/www.mendoza.gov.ar\/wp-content\/uploads\/sites\/5\/2019\/03\/Colegio-Nacional-Agust%C3%ADn-%C3%81lvarez.jpg\"><img width=\"250\" height=\"188\" src=\"https:\/\/www.mendoza.gov.ar\/wp-content\/uploads\/sites\/5\/2019\/03\/Colegio-Nacional-Agust%C3%ADn-%C3%81lvarez-250x188.jpg\" class=\"attachment-medium size-medium img-responsive center-block\" alt=\"\" loading=\"lazy\" srcset=\"https:\/\/www.mendoza.gov.ar\/wp-content\/uploads\/sites\/5\/2019\/03\/Colegio-Nacional-Agust&iacute;n-&Aacute;lvarez-250x188.jpg 250w, https:\/\/www.mendoza.gov.ar\/wp-content\/uploads\/sites\/5\/2019\/03\/Colegio-Nacional-Agust&iacute;n-&Aacute;lvarez-768x576.jpg 768w, https:\/\/www.mendoza.gov.ar\/wp-content\/uploads\/sites\/5\/2019\/03\/Colegio-Nacional-Agust&iacute;n-&Aacute;lvarez-700x525.jpg 700w, https:\/\/www.mendoza.gov.ar\/wp-content\/uploads\/sites\/5\/2019\/03\/Colegio-Nacional-Agust&iacute;n-&Aacute;lvarez-120x90.jpg 120w, https:\/\/www.mendoza.gov.ar\/wp-content\/uploads\/sites\/5\/2019\/03\/Colegio-Nacional-Agust&iacute;n-&Aacute;lvarez.jpg 1772w\" sizes=\"(max-width: 250px) 100vw, 250px\"><\/a><\/p>\n<\/body><\/html>\n"},"caption":{"rendered":""},"alt_text":"","media_type":"image","mime_type":"image\/jpeg","media_details":{"width":1772,"height":1329,"file":"2019\/03\/Colegio-Nacional-Agust\u00edn-\u00c1lvarez.jpg","sizes":{"thumbnail":{"file":"Colegio-Nacional-Agust\u00edn-\u00c1lvarez-150x150.jpg","width":150,"height":150,"mime_type":"image\/jpeg","source_url":"https:\/\/www.mendoza.gov.ar\/wp-content\/uploads\/sites\/5\/2019\/03\/Colegio-Nacional-Agust\u00edn-\u00c1lvarez-150x150.jpg"},"medium":{"file":"Colegio-Nacional-Agust\u00edn-\u00c1lvarez-250x188.jpg","width":250,"height":188,"mime_type":"image\/jpeg","source_url":"https:\/\/www.mendoza.gov.ar\/wp-content\/uploads\/sites\/5\/2019\/03\/Colegio-Nacional-Agust\u00edn-\u00c1lvarez-250x188.jpg"},"medium_large":{"file":"Colegio-Nacional-Agust\u00edn-\u00c1lvarez-768x576.jpg","width":768,"height":576,"mime_type":"image\/jpeg","source_url":"https:\/\/www.mendoza.gov.ar\/wp-content\/uploads\/sites\/5\/2019\/03\/Colegio-Nacional-Agust\u00edn-\u00c1lvarez-768x576.jpg"},"large":{"file":"Colegio-Nacional-Agust\u00edn-\u00c1lvarez-700x525.jpg","width":700,"height":525,"mime_type":"image\/jpeg","source_url":"https:\/\/www.mendoza.gov.ar\/wp-content\/uploads\/sites\/5\/2019\/03\/Colegio-Nacional-Agust\u00edn-\u00c1lvarez-700x525.jpg"},"small":{"file":"Colegio-Nacional-Agust\u00edn-\u00c1lvarez-120x90.jpg","width":120,"height":90,"mime_type":"image\/jpeg","source_url":"https:\/\/www.mendoza.gov.ar\/wp-content\/uploads\/sites\/5\/2019\/03\/Colegio-Nacional-Agust\u00edn-\u00c1lvarez-120x90.jpg"},"custom-size":{"file":"Colegio-Nacional-Agust\u00edn-\u00c1lvarez-700x200.jpg","width":700,"height":200,"mime_type":"image\/jpeg","source_url":"https:\/\/www.mendoza.gov.ar\/wp-content\/uploads\/sites\/5\/2019\/03\/Colegio-Nacional-Agust\u00edn-\u00c1lvarez-700x200.jpg"},"full":{"file":"Colegio-Nacional-Agust\u00edn-\u00c1lvarez.jpg","width":1772,"height":1329,"mime_type":"image\/jpeg","source_url":"https:\/\/www.mendoza.gov.ar\/wp-content\/uploads\/sites\/5\/2019\/03\/Colegio-Nacional-Agust\u00edn-\u00c1lvarez.jpg"}},"image_meta":{"aperture":"3.5","credit":"","camera":"DSC-H55","caption":"","created_timestamp":"1319226079","copyright":"","focal_length":"4.25","iso":"400","shutter_speed":"0.04","title":"","orientation":"1","keywords":[]}},"post":176733,"source_url":"https:\/\/www.mendoza.gov.ar\/wp-content\/uploads\/sites\/5\/2019\/03\/Colegio-Nacional-Agust\u00edn-\u00c1lvarez.jpg","_links":{"self":[{"href":"https:\/\/www.mendoza.gov.ar\/prensa\/wp-json\/wp\/v2\/media\/176734"}],"collection":[{"href":"https:\/\/www.mendoza.gov.ar\/prensa\/wp-json\/wp\/v2\/media"}],"about":[{"href":"https:\/\/www.mendoza.gov.ar\/prensa\/wp-json\/wp\/v2\/types\/attachment"}],"author":[{"embeddable":true,"href":"https:\/\/www.mendoza.gov.ar\/prensa\/wp-json\/wp\/v2\/users\/68"}],"replies":[{"embeddable":true,"href":"https:\/\/www.mendoza.gov.ar\/prensa\/wp-json\/wp\/v2\/comments?post=176734"}]}}

http://prensa.wp1.mendoza.gov.ar/wp-content/uploads/sites/5/2019/03/Colegio-Nacional-Agustín-Álvarez.jpg

Colegio Nacional Agustín Álvarez

2019/03/Colegio-Nacional-Agustín-Álvarez.jpg

Colegio-Nacional-Agustín-Álvarez-150x150.jpg

https://www.mendoza.gov.ar/wp-content/uploads/sites/5/2019/03/Colegio-Nacional-Agustín-Álvarez-150x150.jpg

Colegio-Nacional-Agustín-Álvarez-250x188.jpg

https://www.mendoza.gov.ar/wp-content/uploads/sites/5/2019/03/Colegio-Nacional-Agustín-Álvarez-250x188.jpg

Colegio-Nacional-Agustín-Álvarez-768x576.jpg

https://www.mendoza.gov.ar/wp-content/uploads/sites/5/2019/03/Colegio-Nacional-Agustín-Álvarez-768x576.jpg

Colegio-Nacional-Agustín-Álvarez-700x525.jpg

https://www.mendoza.gov.ar/wp-content/uploads/sites/5/2019/03/Colegio-Nacional-Agustín-Álvarez-700x525.jpg

Colegio-Nacional-Agustín-Álvarez-120x90.jpg

https://www.mendoza.gov.ar/wp-content/uploads/sites/5/2019/03/Colegio-Nacional-Agustín-Álvarez-120x90.jpg

Colegio-Nacional-Agustín-Álvarez-700x200.jpg

https://www.mendoza.gov.ar/wp-content/uploads/sites/5/2019/03/Colegio-Nacional-Agustín-Álvarez-700x200.jpg

Colegio-Nacional-Agustín-Álvarez.jpg

https://www.mendoza.gov.ar/wp-content/uploads/sites/5/2019/03/Colegio-Nacional-Agustín-Álvarez.jpg
