{"id":228316,"date":"2020-04-19T03:27:29","date_gmt":"2020-04-19T06:27:29","guid":{"rendered":"http:\/\/prensa.wp1.mendoza.gov.ar\/wp-content\/uploads\/sites\/5\/2020\/04\/Esta-v\u00eda-es-de-comunicaci\u00f3n-para-los-habitantes-de-El-Carrizal-de-Abajo.jpeg"},"modified":"2020-04-19T03:29:10","modified_gmt":"2020-04-19T06:29:10","slug":"esta-via-es-de-comunicacion-para-los-habitantes-de-el-carrizal-de-abajo","status":"inherit","type":"attachment","link":"https:\/\/www.mendoza.gov.ar\/prensa\/restauran-camino-de-el-carrizal-despues-de-las-ultimas-tormentas\/esta-via-es-de-comunicacion-para-los-habitantes-de-el-carrizal-de-abajo\/","title":{"rendered":"trabajos camino carrizal"},"author":68,"comment_status":"open","ping_status":"closed","template":"","meta":[],"description":{"rendered":"<!DOCTYPE html PUBLIC \"-\/\/W3C\/\/DTD HTML 4.0 Transitional\/\/EN\" \"http:\/\/www.w3.org\/TR\/REC-html40\/loose.dtd\">\n<html><body><p class=\"attachment\"><a href=\"https:\/\/www.mendoza.gov.ar\/wp-content\/uploads\/sites\/5\/2020\/04\/Esta-v%C3%ADa-es-de-comunicaci%C3%B3n-para-los-habitantes-de-El-Carrizal-de-Abajo.jpeg\"><img width=\"250\" height=\"189\" src=\"https:\/\/www.mendoza.gov.ar\/wp-content\/uploads\/sites\/5\/2020\/04\/Esta-v%C3%ADa-es-de-comunicaci%C3%B3n-para-los-habitantes-de-El-Carrizal-de-Abajo-250x189.jpeg\" class=\"attachment-medium size-medium img-responsive center-block\" alt=\"\" loading=\"lazy\" srcset=\"https:\/\/www.mendoza.gov.ar\/wp-content\/uploads\/sites\/5\/2020\/04\/Esta-v&iacute;a-es-de-comunicaci&oacute;n-para-los-habitantes-de-El-Carrizal-de-Abajo-250x189.jpeg 250w, https:\/\/www.mendoza.gov.ar\/wp-content\/uploads\/sites\/5\/2020\/04\/Esta-v&iacute;a-es-de-comunicaci&oacute;n-para-los-habitantes-de-El-Carrizal-de-Abajo-768x581.jpeg 768w, https:\/\/www.mendoza.gov.ar\/wp-content\/uploads\/sites\/5\/2020\/04\/Esta-v&iacute;a-es-de-comunicaci&oacute;n-para-los-habitantes-de-El-Carrizal-de-Abajo-700x529.jpeg 700w, https:\/\/www.mendoza.gov.ar\/wp-content\/uploads\/sites\/5\/2020\/04\/Esta-v&iacute;a-es-de-comunicaci&oacute;n-para-los-habitantes-de-El-Carrizal-de-Abajo-120x91.jpeg 120w, https:\/\/www.mendoza.gov.ar\/wp-content\/uploads\/sites\/5\/2020\/04\/Esta-v&iacute;a-es-de-comunicaci&oacute;n-para-los-habitantes-de-El-Carrizal-de-Abajo.jpeg 919w\" sizes=\"(max-width: 250px) 100vw, 250px\"><\/a><\/p>\n<\/body><\/html>\n"},"caption":{"rendered":""},"alt_text":"","media_type":"image","mime_type":"image\/jpeg","media_details":{"width":919,"height":695,"file":"2020\/04\/Esta-v\u00eda-es-de-comunicaci\u00f3n-para-los-habitantes-de-El-Carrizal-de-Abajo.jpeg","sizes":{"thumbnail":{"file":"Esta-v\u00eda-es-de-comunicaci\u00f3n-para-los-habitantes-de-El-Carrizal-de-Abajo-150x150.jpeg","width":150,"height":150,"mime_type":"image\/jpeg","source_url":"https:\/\/www.mendoza.gov.ar\/wp-content\/uploads\/sites\/5\/2020\/04\/Esta-v\u00eda-es-de-comunicaci\u00f3n-para-los-habitantes-de-El-Carrizal-de-Abajo-150x150.jpeg"},"medium":{"file":"Esta-v\u00eda-es-de-comunicaci\u00f3n-para-los-habitantes-de-El-Carrizal-de-Abajo-250x189.jpeg","width":250,"height":189,"mime_type":"image\/jpeg","source_url":"https:\/\/www.mendoza.gov.ar\/wp-content\/uploads\/sites\/5\/2020\/04\/Esta-v\u00eda-es-de-comunicaci\u00f3n-para-los-habitantes-de-El-Carrizal-de-Abajo-250x189.jpeg"},"medium_large":{"file":"Esta-v\u00eda-es-de-comunicaci\u00f3n-para-los-habitantes-de-El-Carrizal-de-Abajo-768x581.jpeg","width":768,"height":581,"mime_type":"image\/jpeg","source_url":"https:\/\/www.mendoza.gov.ar\/wp-content\/uploads\/sites\/5\/2020\/04\/Esta-v\u00eda-es-de-comunicaci\u00f3n-para-los-habitantes-de-El-Carrizal-de-Abajo-768x581.jpeg"},"large":{"file":"Esta-v\u00eda-es-de-comunicaci\u00f3n-para-los-habitantes-de-El-Carrizal-de-Abajo-700x529.jpeg","width":700,"height":529,"mime_type":"image\/jpeg","source_url":"https:\/\/www.mendoza.gov.ar\/wp-content\/uploads\/sites\/5\/2020\/04\/Esta-v\u00eda-es-de-comunicaci\u00f3n-para-los-habitantes-de-El-Carrizal-de-Abajo-700x529.jpeg"},"small":{"file":"Esta-v\u00eda-es-de-comunicaci\u00f3n-para-los-habitantes-de-El-Carrizal-de-Abajo-120x91.jpeg","width":120,"height":91,"mime_type":"image\/jpeg","source_url":"https:\/\/www.mendoza.gov.ar\/wp-content\/uploads\/sites\/5\/2020\/04\/Esta-v\u00eda-es-de-comunicaci\u00f3n-para-los-habitantes-de-El-Carrizal-de-Abajo-120x91.jpeg"},"custom-size":{"file":"Esta-v\u00eda-es-de-comunicaci\u00f3n-para-los-habitantes-de-El-Carrizal-de-Abajo-700x200.jpeg","width":700,"height":200,"mime_type":"image\/jpeg","source_url":"https:\/\/www.mendoza.gov.ar\/wp-content\/uploads\/sites\/5\/2020\/04\/Esta-v\u00eda-es-de-comunicaci\u00f3n-para-los-habitantes-de-El-Carrizal-de-Abajo-700x200.jpeg"},"full":{"file":"Esta-v\u00eda-es-de-comunicaci\u00f3n-para-los-habitantes-de-El-Carrizal-de-Abajo.jpeg","width":919,"height":695,"mime_type":"image\/jpeg","source_url":"https:\/\/www.mendoza.gov.ar\/wp-content\/uploads\/sites\/5\/2020\/04\/Esta-v\u00eda-es-de-comunicaci\u00f3n-para-los-habitantes-de-El-Carrizal-de-Abajo.jpeg"}},"image_meta":{"aperture":"0","credit":"","camera":"","caption":"","created_timestamp":"0","copyright":"","focal_length":"0","iso":"0","shutter_speed":"0","title":"","orientation":"1","keywords":[]}},"post":228311,"source_url":"https:\/\/www.mendoza.gov.ar\/wp-content\/uploads\/sites\/5\/2020\/04\/Esta-v\u00eda-es-de-comunicaci\u00f3n-para-los-habitantes-de-El-Carrizal-de-Abajo.jpeg","_links":{"self":[{"href":"https:\/\/www.mendoza.gov.ar\/prensa\/wp-json\/wp\/v2\/media\/228316"}],"collection":[{"href":"https:\/\/www.mendoza.gov.ar\/prensa\/wp-json\/wp\/v2\/media"}],"about":[{"href":"https:\/\/www.mendoza.gov.ar\/prensa\/wp-json\/wp\/v2\/types\/attachment"}],"author":[{"embeddable":true,"href":"https:\/\/www.mendoza.gov.ar\/prensa\/wp-json\/wp\/v2\/users\/68"}],"replies":[{"embeddable":true,"href":"https:\/\/www.mendoza.gov.ar\/prensa\/wp-json\/wp\/v2\/comments?post=228316"}]}}

http://prensa.wp1.mendoza.gov.ar/wp-content/uploads/sites/5/2020/04/Esta-vía-es-de-comunicación-para-los-habitantes-de-El-Carrizal-de-Abajo.jpeg

2020/04/Esta-vía-es-de-comunicación-para-los-habitantes-de-El-Carrizal-de-Abajo.jpeg

Esta-vía-es-de-comunicación-para-los-habitantes-de-El-Carrizal-de-Abajo-150x150.jpeg

https://www.mendoza.gov.ar/wp-content/uploads/sites/5/2020/04/Esta-vía-es-de-comunicación-para-los-habitantes-de-El-Carrizal-de-Abajo-150x150.jpeg

Esta-vía-es-de-comunicación-para-los-habitantes-de-El-Carrizal-de-Abajo-250x189.jpeg

https://www.mendoza.gov.ar/wp-content/uploads/sites/5/2020/04/Esta-vía-es-de-comunicación-para-los-habitantes-de-El-Carrizal-de-Abajo-250x189.jpeg

Esta-vía-es-de-comunicación-para-los-habitantes-de-El-Carrizal-de-Abajo-768x581.jpeg

https://www.mendoza.gov.ar/wp-content/uploads/sites/5/2020/04/Esta-vía-es-de-comunicación-para-los-habitantes-de-El-Carrizal-de-Abajo-768x581.jpeg

Esta-vía-es-de-comunicación-para-los-habitantes-de-El-Carrizal-de-Abajo-700x529.jpeg

https://www.mendoza.gov.ar/wp-content/uploads/sites/5/2020/04/Esta-vía-es-de-comunicación-para-los-habitantes-de-El-Carrizal-de-Abajo-700x529.jpeg

Esta-vía-es-de-comunicación-para-los-habitantes-de-El-Carrizal-de-Abajo-120x91.jpeg

https://www.mendoza.gov.ar/wp-content/uploads/sites/5/2020/04/Esta-vía-es-de-comunicación-para-los-habitantes-de-El-Carrizal-de-Abajo-120x91.jpeg

Esta-vía-es-de-comunicación-para-los-habitantes-de-El-Carrizal-de-Abajo-700x200.jpeg

https://www.mendoza.gov.ar/wp-content/uploads/sites/5/2020/04/Esta-vía-es-de-comunicación-para-los-habitantes-de-El-Carrizal-de-Abajo-700x200.jpeg

Esta-vía-es-de-comunicación-para-los-habitantes-de-El-Carrizal-de-Abajo.jpeg

https://www.mendoza.gov.ar/wp-content/uploads/sites/5/2020/04/Esta-vía-es-de-comunicación-para-los-habitantes-de-El-Carrizal-de-Abajo.jpeg
