{"id":233330,"date":"2020-06-10T02:06:32","date_gmt":"2020-06-10T05:06:32","guid":{"rendered":"http:\/\/prensa.wp1.mendoza.gov.ar\/wp-content\/uploads\/sites\/5\/2020\/06\/malbec-joven-a\u00f1o-de-elaboraci\u00f3n-2019-fresco-suave-y-frutado-provenientes-de-vi\u00f1edos-propios.jpg"},"modified":"2020-06-10T02:06:32","modified_gmt":"2020-06-10T05:06:32","slug":"malbec-joven-ano-de-elaboracion-2019-fresco-suave-y-frutado-provenientes-de-vinedos-propios","status":"inherit","type":"attachment","link":"https:\/\/www.mendoza.gov.ar\/prensa\/economia-y-dia-del-padre-promociones-en-gastronomia-y-regalos\/malbec-joven-ano-de-elaboracion-2019-fresco-suave-y-frutado-provenientes-de-vinedos-propios\/","title":{"rendered":"malbec-joven-a\u00f1o-de-elaboraci\u00f3n-2019-fresco-suave-y-frutado-provenientes-de-vi\u00f1edos-propios"},"author":75,"comment_status":"open","ping_status":"closed","template":"","meta":[],"description":{"rendered":"<!DOCTYPE html PUBLIC \"-\/\/W3C\/\/DTD HTML 4.0 Transitional\/\/EN\" \"http:\/\/www.w3.org\/TR\/REC-html40\/loose.dtd\">\n<html><body><p class=\"attachment\"><a href=\"https:\/\/www.mendoza.gov.ar\/wp-content\/uploads\/sites\/5\/2020\/06\/malbec-joven-a%C3%B1o-de-elaboraci%C3%B3n-2019-fresco-suave-y-frutado-provenientes-de-vi%C3%B1edos-propios.jpg\"><img width=\"250\" height=\"250\" src=\"https:\/\/www.mendoza.gov.ar\/wp-content\/uploads\/sites\/5\/2020\/06\/malbec-joven-a%C3%B1o-de-elaboraci%C3%B3n-2019-fresco-suave-y-frutado-provenientes-de-vi%C3%B1edos-propios-250x250.jpg\" class=\"attachment-medium size-medium img-responsive center-block\" alt=\"\" loading=\"lazy\" srcset=\"https:\/\/www.mendoza.gov.ar\/wp-content\/uploads\/sites\/5\/2020\/06\/malbec-joven-a&ntilde;o-de-elaboraci&oacute;n-2019-fresco-suave-y-frutado-provenientes-de-vi&ntilde;edos-propios-250x250.jpg 250w, https:\/\/www.mendoza.gov.ar\/wp-content\/uploads\/sites\/5\/2020\/06\/malbec-joven-a&ntilde;o-de-elaboraci&oacute;n-2019-fresco-suave-y-frutado-provenientes-de-vi&ntilde;edos-propios-150x150.jpg 150w, https:\/\/www.mendoza.gov.ar\/wp-content\/uploads\/sites\/5\/2020\/06\/malbec-joven-a&ntilde;o-de-elaboraci&oacute;n-2019-fresco-suave-y-frutado-provenientes-de-vi&ntilde;edos-propios-768x768.jpg 768w, https:\/\/www.mendoza.gov.ar\/wp-content\/uploads\/sites\/5\/2020\/06\/malbec-joven-a&ntilde;o-de-elaboraci&oacute;n-2019-fresco-suave-y-frutado-provenientes-de-vi&ntilde;edos-propios-700x700.jpg 700w, https:\/\/www.mendoza.gov.ar\/wp-content\/uploads\/sites\/5\/2020\/06\/malbec-joven-a&ntilde;o-de-elaboraci&oacute;n-2019-fresco-suave-y-frutado-provenientes-de-vi&ntilde;edos-propios-120x120.jpg 120w, https:\/\/www.mendoza.gov.ar\/wp-content\/uploads\/sites\/5\/2020\/06\/malbec-joven-a&ntilde;o-de-elaboraci&oacute;n-2019-fresco-suave-y-frutado-provenientes-de-vi&ntilde;edos-propios.jpg 960w\" sizes=\"(max-width: 250px) 100vw, 250px\"><\/a><\/p>\n<\/body><\/html>\n"},"caption":{"rendered":""},"alt_text":"","media_type":"image","mime_type":"image\/jpeg","media_details":{"width":960,"height":960,"file":"2020\/06\/malbec-joven-a\u00f1o-de-elaboraci\u00f3n-2019-fresco-suave-y-frutado-provenientes-de-vi\u00f1edos-propios.jpg","sizes":{"thumbnail":{"file":"malbec-joven-a\u00f1o-de-elaboraci\u00f3n-2019-fresco-suave-y-frutado-provenientes-de-vi\u00f1edos-propios-150x150.jpg","width":150,"height":150,"mime_type":"image\/jpeg","source_url":"https:\/\/www.mendoza.gov.ar\/wp-content\/uploads\/sites\/5\/2020\/06\/malbec-joven-a\u00f1o-de-elaboraci\u00f3n-2019-fresco-suave-y-frutado-provenientes-de-vi\u00f1edos-propios-150x150.jpg"},"medium":{"file":"malbec-joven-a\u00f1o-de-elaboraci\u00f3n-2019-fresco-suave-y-frutado-provenientes-de-vi\u00f1edos-propios-250x250.jpg","width":250,"height":250,"mime_type":"image\/jpeg","source_url":"https:\/\/www.mendoza.gov.ar\/wp-content\/uploads\/sites\/5\/2020\/06\/malbec-joven-a\u00f1o-de-elaboraci\u00f3n-2019-fresco-suave-y-frutado-provenientes-de-vi\u00f1edos-propios-250x250.jpg"},"medium_large":{"file":"malbec-joven-a\u00f1o-de-elaboraci\u00f3n-2019-fresco-suave-y-frutado-provenientes-de-vi\u00f1edos-propios-768x768.jpg","width":768,"height":768,"mime_type":"image\/jpeg","source_url":"https:\/\/www.mendoza.gov.ar\/wp-content\/uploads\/sites\/5\/2020\/06\/malbec-joven-a\u00f1o-de-elaboraci\u00f3n-2019-fresco-suave-y-frutado-provenientes-de-vi\u00f1edos-propios-768x768.jpg"},"large":{"file":"malbec-joven-a\u00f1o-de-elaboraci\u00f3n-2019-fresco-suave-y-frutado-provenientes-de-vi\u00f1edos-propios-700x700.jpg","width":700,"height":700,"mime_type":"image\/jpeg","source_url":"https:\/\/www.mendoza.gov.ar\/wp-content\/uploads\/sites\/5\/2020\/06\/malbec-joven-a\u00f1o-de-elaboraci\u00f3n-2019-fresco-suave-y-frutado-provenientes-de-vi\u00f1edos-propios-700x700.jpg"},"small":{"file":"malbec-joven-a\u00f1o-de-elaboraci\u00f3n-2019-fresco-suave-y-frutado-provenientes-de-vi\u00f1edos-propios-120x120.jpg","width":120,"height":120,"mime_type":"image\/jpeg","source_url":"https:\/\/www.mendoza.gov.ar\/wp-content\/uploads\/sites\/5\/2020\/06\/malbec-joven-a\u00f1o-de-elaboraci\u00f3n-2019-fresco-suave-y-frutado-provenientes-de-vi\u00f1edos-propios-120x120.jpg"},"custom-size":{"file":"malbec-joven-a\u00f1o-de-elaboraci\u00f3n-2019-fresco-suave-y-frutado-provenientes-de-vi\u00f1edos-propios-700x200.jpg","width":700,"height":200,"mime_type":"image\/jpeg","source_url":"https:\/\/www.mendoza.gov.ar\/wp-content\/uploads\/sites\/5\/2020\/06\/malbec-joven-a\u00f1o-de-elaboraci\u00f3n-2019-fresco-suave-y-frutado-provenientes-de-vi\u00f1edos-propios-700x200.jpg"},"full":{"file":"malbec-joven-a\u00f1o-de-elaboraci\u00f3n-2019-fresco-suave-y-frutado-provenientes-de-vi\u00f1edos-propios.jpg","width":960,"height":960,"mime_type":"image\/jpeg","source_url":"https:\/\/www.mendoza.gov.ar\/wp-content\/uploads\/sites\/5\/2020\/06\/malbec-joven-a\u00f1o-de-elaboraci\u00f3n-2019-fresco-suave-y-frutado-provenientes-de-vi\u00f1edos-propios.jpg"}},"image_meta":{"aperture":"0","credit":"","camera":"","caption":"","created_timestamp":"0","copyright":"","focal_length":"0","iso":"0","shutter_speed":"0","title":"","orientation":"0","keywords":[]}},"post":233329,"source_url":"https:\/\/www.mendoza.gov.ar\/wp-content\/uploads\/sites\/5\/2020\/06\/malbec-joven-a\u00f1o-de-elaboraci\u00f3n-2019-fresco-suave-y-frutado-provenientes-de-vi\u00f1edos-propios.jpg","_links":{"self":[{"href":"https:\/\/www.mendoza.gov.ar\/prensa\/wp-json\/wp\/v2\/media\/233330"}],"collection":[{"href":"https:\/\/www.mendoza.gov.ar\/prensa\/wp-json\/wp\/v2\/media"}],"about":[{"href":"https:\/\/www.mendoza.gov.ar\/prensa\/wp-json\/wp\/v2\/types\/attachment"}],"author":[{"embeddable":true,"href":"https:\/\/www.mendoza.gov.ar\/prensa\/wp-json\/wp\/v2\/users\/75"}],"replies":[{"embeddable":true,"href":"https:\/\/www.mendoza.gov.ar\/prensa\/wp-json\/wp\/v2\/comments?post=233330"}]}}

http://prensa.wp1.mendoza.gov.ar/wp-content/uploads/sites/5/2020/06/malbec-joven-año-de-elaboración-2019-fresco-suave-y-frutado-provenientes-de-viñedos-propios.jpg

malbec-joven-año-de-elaboración-2019-fresco-suave-y-frutado-provenientes-de-viñedos-propios

2020/06/malbec-joven-año-de-elaboración-2019-fresco-suave-y-frutado-provenientes-de-viñedos-propios.jpg

malbec-joven-año-de-elaboración-2019-fresco-suave-y-frutado-provenientes-de-viñedos-propios-150x150.jpg

https://www.mendoza.gov.ar/wp-content/uploads/sites/5/2020/06/malbec-joven-año-de-elaboración-2019-fresco-suave-y-frutado-provenientes-de-viñedos-propios-150x150.jpg

malbec-joven-año-de-elaboración-2019-fresco-suave-y-frutado-provenientes-de-viñedos-propios-250x250.jpg

https://www.mendoza.gov.ar/wp-content/uploads/sites/5/2020/06/malbec-joven-año-de-elaboración-2019-fresco-suave-y-frutado-provenientes-de-viñedos-propios-250x250.jpg

malbec-joven-año-de-elaboración-2019-fresco-suave-y-frutado-provenientes-de-viñedos-propios-768x768.jpg

https://www.mendoza.gov.ar/wp-content/uploads/sites/5/2020/06/malbec-joven-año-de-elaboración-2019-fresco-suave-y-frutado-provenientes-de-viñedos-propios-768x768.jpg

malbec-joven-año-de-elaboración-2019-fresco-suave-y-frutado-provenientes-de-viñedos-propios-700x700.jpg

https://www.mendoza.gov.ar/wp-content/uploads/sites/5/2020/06/malbec-joven-año-de-elaboración-2019-fresco-suave-y-frutado-provenientes-de-viñedos-propios-700x700.jpg

malbec-joven-año-de-elaboración-2019-fresco-suave-y-frutado-provenientes-de-viñedos-propios-120x120.jpg

https://www.mendoza.gov.ar/wp-content/uploads/sites/5/2020/06/malbec-joven-año-de-elaboración-2019-fresco-suave-y-frutado-provenientes-de-viñedos-propios-120x120.jpg

malbec-joven-año-de-elaboración-2019-fresco-suave-y-frutado-provenientes-de-viñedos-propios-700x200.jpg

https://www.mendoza.gov.ar/wp-content/uploads/sites/5/2020/06/malbec-joven-año-de-elaboración-2019-fresco-suave-y-frutado-provenientes-de-viñedos-propios-700x200.jpg

malbec-joven-año-de-elaboración-2019-fresco-suave-y-frutado-provenientes-de-viñedos-propios.jpg

https://www.mendoza.gov.ar/wp-content/uploads/sites/5/2020/06/malbec-joven-año-de-elaboración-2019-fresco-suave-y-frutado-provenientes-de-viñedos-propios.jpg
